{"id":95,"date":"2018-09-18T01:58:17","date_gmt":"2018-09-18T07:58:17","guid":{"rendered":"http:\/\/portafoliosfit.um.edu.mx\/sarahhdz\/?page_id=95"},"modified":"2020-05-03T11:02:18","modified_gmt":"2020-05-03T17:02:18","slug":"portafolio-i","status":"publish","type":"page","link":"https:\/\/portafoliosfit.um.edu.mx\/sarahhdz\/portafolio-i\/","title":{"rendered":"Portafolio I"},"content":{"rendered":"<p><div class=\"et_d4_element et_pb_section et_pb_section_0  et_pb_css_mix_blend_mode et_pb_fullwidth_section et_section_regular et_block_section\" >\n\t\t\t\t\n\t\t\t\t\n\t\t\t\t\n\t\t\t\t\n\t\t\t\t\n\t\t\t\t\n\t\t\t\t<div class=\"et_pb_module et_d4_element et_pb_fullwidth_post_title_0 et_pb_post_title  et_pb_text_align_center et_pb_bg_layout_dark et_pb_featured_bg\"   >\n\t\t\t\t\n\t\t\t\t\n\t\t\t\t\n\t\t\t\t\n\t\t\t\t\n\t\t\t\t<div class=\"et_pb_title_container\">\n\t\t\t\t\t<h1 class=\"entry-title\"><\/h1>\n\t\t\t\t<\/div>\n\t\t\t\t\n\t\t\t<\/div>\n\t\t\t\t\n\t\t\t\t\n\t\t\t<\/div><div class=\"et_d4_element et_pb_section et_pb_section_1  et_pb_css_mix_blend_mode et_section_regular et_block_section\" >\n\t\t\t\t\n\t\t\t\t\n\t\t\t\t\n\t\t\t\t\n\t\t\t\t\n\t\t\t\t\n\t\t\t\t<div class=\"et_d4_element et_pb_row et_pb_row_0  et_pb_css_mix_blend_mode et_block_row\">\n\t\t\t\t<div class=\"et_d4_element et_pb_column_4_4 et_pb_column et_pb_column_0  et_pb_css_mix_blend_mode et-last-child et_block_column\">\n\t\t\t\t\n\t\t\t\t\n\t\t\t\t\n\t\t\t\t\n\t\t\t\t<div class=\"et_pb_module et_d4_element et_pb_portfolio_0  et_pb_css_mix_blend_mode  et_pb_text_align_center et_pb_bg_layout_light et_pb_portfolio_grid clearfix\">\n\t\t\t\t<div class=\"et_pb_ajax_pagination_container\">\n\t\t\t\t\t\n\t\t\t\t\t\n\t\t\t\t\t\n\t\t\t\t\t\n\t\t\t\t\t<div class=\"et_pb_portfolio_grid_items et_pb_grid_items\">\n\t\t\t\t\t\t\t\t\t\t<div id=\"post-730\" class=\"post-730 project type-project status-publish has-post-thumbnail hentry project_category-portafolio-i et_pb_portfolio_item et_pb_portfolio_item_0_0 et_pb_grid_item\">\n\n\t\t\t\t\t\t\t\t\t\t<a href=\"https:\/\/portafoliosfit.um.edu.mx\/sarahhdz\/project\/actualizacion-y-mantenimiento-de-computadoras\/\" title=\"Actualizaci\u00f3n y mantenimiento de computadoras\">\n\t\t\t\t\t\t\t\t\t\t\t\t\t<span class=\"et_portfolio_image\">\n\t\t\t\t\t\t\t\t<img loading=\"lazy\" decoding=\"async\" src=\"https:\/\/portafoliosfit.um.edu.mx\/sarahhdz\/wp-content\/uploads\/sites\/16\/2019\/05\/Macbook-Pro-Retina-Motherboard-Service-Repair-Repair-Any-Computer-400x284.jpg\" alt=\"Actualizaci\u00f3n y mantenimiento de computadoras\" width=\"400\" height=\"284\" srcset=\"https:\/\/portafoliosfit.um.edu.mx\/sarahhdz\/wp-content\/uploads\/sites\/16\/2019\/05\/Macbook-Pro-Retina-Motherboard-Service-Repair-Repair-Any-Computer.jpg 479w, https:\/\/portafoliosfit.um.edu.mx\/sarahhdz\/wp-content\/uploads\/sites\/16\/2019\/05\/Macbook-Pro-Retina-Motherboard-Service-Repair-Repair-Any-Computer-400x284.jpg 480w\" sizes=\"(max-width:479px) 479px, 100vw\" \/>\t\t\t\t\t\t\t\t<span class=\"et_overlay\"><\/span>\t\t\t\t\t\t\t<\/span>\n\t\t\t\t\t\t\t\t\t\t\t<\/a>\n\t\t\t\t\t\n\t\t\t\t\t<h2 class=\"et_pb_module_header\"><a href=\"https:\/\/portafoliosfit.um.edu.mx\/sarahhdz\/project\/actualizacion-y-mantenimiento-de-computadoras\/\" title=\"Actualizaci\u00f3n y mantenimiento de computadoras\">Actualizaci\u00f3n y mantenimiento de computadoras<\/a><\/h2><p class=\"post-meta\"><a href=\"https:\/\/portafoliosfit.um.edu.mx\/sarahhdz\/project_category\/portafolio-i\/\" title=\"Portafolio I\">Portafolio I<\/a><\/p>\n\t\t\t\t<\/div>\n\t\t\t\t\t\t\t\t<div id=\"post-727\" class=\"post-727 project type-project status-publish has-post-thumbnail hentry project_category-portafolio-i et_pb_portfolio_item et_pb_portfolio_item_0_1 et_pb_grid_item\">\n\n\t\t\t\t\t\t\t\t\t\t<a href=\"https:\/\/portafoliosfit.um.edu.mx\/sarahhdz\/project\/fundamentos-de-programacionpoo\/\" title=\"Fundamentos de programaci\u00f3n y Programaci\u00f3n Orientada a Objetos\">\n\t\t\t\t\t\t\t\t\t\t\t\t\t<span class=\"et_portfolio_image\">\n\t\t\t\t\t\t\t\t<img loading=\"lazy\" decoding=\"async\" src=\"https:\/\/portafoliosfit.um.edu.mx\/sarahhdz\/wp-content\/uploads\/sites\/16\/2019\/05\/wallpaper-programacion-400x284.jpg\" alt=\"Fundamentos de programaci\u00f3n y Programaci\u00f3n Orientada a Objetos\" width=\"400\" height=\"284\" srcset=\"https:\/\/portafoliosfit.um.edu.mx\/sarahhdz\/wp-content\/uploads\/sites\/16\/2019\/05\/wallpaper-programacion.jpg 479w, https:\/\/portafoliosfit.um.edu.mx\/sarahhdz\/wp-content\/uploads\/sites\/16\/2019\/05\/wallpaper-programacion-400x284.jpg 480w\" sizes=\"(max-width:479px) 479px, 100vw\" \/>\t\t\t\t\t\t\t\t<span class=\"et_overlay\"><\/span>\t\t\t\t\t\t\t<\/span>\n\t\t\t\t\t\t\t\t\t\t\t<\/a>\n\t\t\t\t\t\n\t\t\t\t\t<h2 class=\"et_pb_module_header\"><a href=\"https:\/\/portafoliosfit.um.edu.mx\/sarahhdz\/project\/fundamentos-de-programacionpoo\/\" title=\"Fundamentos de programaci\u00f3n y Programaci\u00f3n Orientada a Objetos\">Fundamentos de programaci\u00f3n y Programaci\u00f3n Orientada a Objetos<\/a><\/h2><p class=\"post-meta\"><a href=\"https:\/\/portafoliosfit.um.edu.mx\/sarahhdz\/project_category\/portafolio-i\/\" title=\"Portafolio I\">Portafolio I<\/a><\/p>\n\t\t\t\t<\/div>\n\t\t\t\t\t\t\t\t<div id=\"post-725\" class=\"post-725 project type-project status-publish has-post-thumbnail hentry project_category-portafolio-i et_pb_portfolio_item et_pb_portfolio_item_0_2 et_pb_grid_item\">\n\n\t\t\t\t\t\t\t\t\t\t<a href=\"https:\/\/portafoliosfit.um.edu.mx\/sarahhdz\/project\/matematicascalculo-diferencialmecanica\/\" title=\"Matem\u00e1ticas, c\u00e1lculo diferencial y mec\u00e1nica\">\n\t\t\t\t\t\t\t\t\t\t\t\t\t<span class=\"et_portfolio_image\">\n\t\t\t\t\t\t\t\t<img loading=\"lazy\" decoding=\"async\" src=\"https:\/\/portafoliosfit.um.edu.mx\/sarahhdz\/wp-content\/uploads\/sites\/16\/2019\/05\/mathematics-400x284.jpg\" alt=\"Matem\u00e1ticas, c\u00e1lculo diferencial y mec\u00e1nica\" width=\"400\" height=\"284\" srcset=\"https:\/\/portafoliosfit.um.edu.mx\/sarahhdz\/wp-content\/uploads\/sites\/16\/2019\/05\/mathematics.jpg 479w, https:\/\/portafoliosfit.um.edu.mx\/sarahhdz\/wp-content\/uploads\/sites\/16\/2019\/05\/mathematics-400x284.jpg 480w\" sizes=\"(max-width:479px) 479px, 100vw\" \/>\t\t\t\t\t\t\t\t<span class=\"et_overlay\"><\/span>\t\t\t\t\t\t\t<\/span>\n\t\t\t\t\t\t\t\t\t\t\t<\/a>\n\t\t\t\t\t\n\t\t\t\t\t<h2 class=\"et_pb_module_header\"><a href=\"https:\/\/portafoliosfit.um.edu.mx\/sarahhdz\/project\/matematicascalculo-diferencialmecanica\/\" title=\"Matem\u00e1ticas, c\u00e1lculo diferencial y mec\u00e1nica\">Matem\u00e1ticas, c\u00e1lculo diferencial y mec\u00e1nica<\/a><\/h2><p class=\"post-meta\"><a href=\"https:\/\/portafoliosfit.um.edu.mx\/sarahhdz\/project_category\/portafolio-i\/\" title=\"Portafolio I\">Portafolio I<\/a><\/p>\n\t\t\t\t<\/div>\n\t\t\t\t\t\t\t\t<div id=\"post-723\" class=\"post-723 project type-project status-publish has-post-thumbnail hentry project_category-portafolio-i et_pb_portfolio_item et_pb_portfolio_item_0_3 et_pb_grid_item\">\n\n\t\t\t\t\t\t\t\t\t\t<a href=\"https:\/\/portafoliosfit.um.edu.mx\/sarahhdz\/project\/introduccion-a-la-investigacion\/\" title=\"Introducci\u00f3n a la investigaci\u00f3n\">\n\t\t\t\t\t\t\t\t\t\t\t\t\t<span class=\"et_portfolio_image\">\n\t\t\t\t\t\t\t\t<img loading=\"lazy\" decoding=\"async\" src=\"https:\/\/portafoliosfit.um.edu.mx\/sarahhdz\/wp-content\/uploads\/sites\/16\/2019\/05\/French-Macarons-400x284.jpg\" alt=\"Introducci\u00f3n a la investigaci\u00f3n\" width=\"400\" height=\"284\" srcset=\"https:\/\/portafoliosfit.um.edu.mx\/sarahhdz\/wp-content\/uploads\/sites\/16\/2019\/05\/French-Macarons.jpg 479w, https:\/\/portafoliosfit.um.edu.mx\/sarahhdz\/wp-content\/uploads\/sites\/16\/2019\/05\/French-Macarons-400x284.jpg 480w\" sizes=\"(max-width:479px) 479px, 100vw\" \/>\t\t\t\t\t\t\t\t<span class=\"et_overlay\"><\/span>\t\t\t\t\t\t\t<\/span>\n\t\t\t\t\t\t\t\t\t\t\t<\/a>\n\t\t\t\t\t\n\t\t\t\t\t<h2 class=\"et_pb_module_header\"><a href=\"https:\/\/portafoliosfit.um.edu.mx\/sarahhdz\/project\/introduccion-a-la-investigacion\/\" title=\"Introducci\u00f3n a la investigaci\u00f3n\">Introducci\u00f3n a la investigaci\u00f3n<\/a><\/h2><p class=\"post-meta\"><a href=\"https:\/\/portafoliosfit.um.edu.mx\/sarahhdz\/project_category\/portafolio-i\/\" title=\"Portafolio I\">Portafolio I<\/a><\/p>\n\t\t\t\t<\/div>\n\t\t\t\t\t\t\t\t<div id=\"post-721\" class=\"post-721 project type-project status-publish has-post-thumbnail hentry project_category-portafolio-i et_pb_portfolio_item et_pb_portfolio_item_0_4 et_pb_grid_item\">\n\n\t\t\t\t\t\t\t\t\t\t<a href=\"https:\/\/portafoliosfit.um.edu.mx\/sarahhdz\/project\/pensamiento-critico\/\" title=\"Pensamiento cr\u00edtico\">\n\t\t\t\t\t\t\t\t\t\t\t\t\t<span class=\"et_portfolio_image\">\n\t\t\t\t\t\t\t\t<img loading=\"lazy\" decoding=\"async\" src=\"https:\/\/portafoliosfit.um.edu.mx\/sarahhdz\/wp-content\/uploads\/sites\/16\/2019\/05\/9f2bd95b7325793c4f777c7bbaec9dbb-400x284.png\" alt=\"Pensamiento cr\u00edtico\" width=\"400\" height=\"284\" srcset=\"https:\/\/portafoliosfit.um.edu.mx\/sarahhdz\/wp-content\/uploads\/sites\/16\/2019\/05\/9f2bd95b7325793c4f777c7bbaec9dbb.png 479w, https:\/\/portafoliosfit.um.edu.mx\/sarahhdz\/wp-content\/uploads\/sites\/16\/2019\/05\/9f2bd95b7325793c4f777c7bbaec9dbb-400x284.png 480w\" sizes=\"(max-width:479px) 479px, 100vw\" \/>\t\t\t\t\t\t\t\t<span class=\"et_overlay\"><\/span>\t\t\t\t\t\t\t<\/span>\n\t\t\t\t\t\t\t\t\t\t\t<\/a>\n\t\t\t\t\t\n\t\t\t\t\t<h2 class=\"et_pb_module_header\"><a href=\"https:\/\/portafoliosfit.um.edu.mx\/sarahhdz\/project\/pensamiento-critico\/\" title=\"Pensamiento cr\u00edtico\">Pensamiento cr\u00edtico<\/a><\/h2><p class=\"post-meta\"><a href=\"https:\/\/portafoliosfit.um.edu.mx\/sarahhdz\/project_category\/portafolio-i\/\" title=\"Portafolio I\">Portafolio I<\/a><\/p>\n\t\t\t\t<\/div>\n\t\t\t\t\t\t\t\t<div id=\"post-715\" class=\"post-715 project type-project status-publish has-post-thumbnail hentry project_category-portafolio-i et_pb_portfolio_item et_pb_portfolio_item_0_5 et_pb_grid_item\">\n\n\t\t\t\t\t\t\t\t\t\t<a href=\"https:\/\/portafoliosfit.um.edu.mx\/sarahhdz\/project\/axiologiasuperacion-personal\/\" title=\"Axiolog\u00eda y superaci\u00f3n personal\">\n\t\t\t\t\t\t\t\t\t\t\t\t\t<span class=\"et_portfolio_image\">\n\t\t\t\t\t\t\t\t<img loading=\"lazy\" decoding=\"async\" src=\"https:\/\/portafoliosfit.um.edu.mx\/sarahhdz\/wp-content\/uploads\/sites\/16\/2019\/05\/pastor-biblia_0-400x284.jpg\" alt=\"Axiolog\u00eda y superaci\u00f3n personal\" width=\"400\" height=\"284\" srcset=\"https:\/\/portafoliosfit.um.edu.mx\/sarahhdz\/wp-content\/uploads\/sites\/16\/2019\/05\/pastor-biblia_0.jpg 479w, https:\/\/portafoliosfit.um.edu.mx\/sarahhdz\/wp-content\/uploads\/sites\/16\/2019\/05\/pastor-biblia_0-400x284.jpg 480w\" sizes=\"(max-width:479px) 479px, 100vw\" \/>\t\t\t\t\t\t\t\t<span class=\"et_overlay\"><\/span>\t\t\t\t\t\t\t<\/span>\n\t\t\t\t\t\t\t\t\t\t\t<\/a>\n\t\t\t\t\t\n\t\t\t\t\t<h2 class=\"et_pb_module_header\"><a href=\"https:\/\/portafoliosfit.um.edu.mx\/sarahhdz\/project\/axiologiasuperacion-personal\/\" title=\"Axiolog\u00eda y superaci\u00f3n personal\">Axiolog\u00eda y superaci\u00f3n personal<\/a><\/h2><p class=\"post-meta\"><a href=\"https:\/\/portafoliosfit.um.edu.mx\/sarahhdz\/project_category\/portafolio-i\/\" title=\"Portafolio I\">Portafolio I<\/a><\/p>\n\t\t\t\t<\/div>\n\t\t\t\t\n\t\t\t\t\t<\/div>\n\t\t\t\t\t\n\t\t\t\t<\/div>\n\t\t\t<\/div><div class=\"et_pb_module et_d4_element et_pb_divider_0 et_pb_space et_pb_divider_hidden\"><div class=\"et_pb_divider_internal\"><\/div><\/div>\n\t\t\t<\/div>\n\t\t\t\t\n\t\t\t\t\n\t\t\t\t\n\t\t\t\t\n\t\t\t<\/div>\n\t\t\t\t\n\t\t\t\t\n\t\t\t<\/div><\/p>\n","protected":false},"excerpt":{"rendered":"","protected":false},"author":18,"featured_media":1324,"parent":0,"menu_order":3,"comment_status":"closed","ping_status":"closed","template":"","meta":{"_et_pb_use_builder":"on","_et_pb_old_content":"","_et_gb_content_width":"","footnotes":""},"class_list":["post-95","page","type-page","status-publish","has-post-thumbnail","hentry"],"_links":{"self":[{"href":"https:\/\/portafoliosfit.um.edu.mx\/sarahhdz\/wp-json\/wp\/v2\/pages\/95","targetHints":{"allow":["GET"]}}],"collection":[{"href":"https:\/\/portafoliosfit.um.edu.mx\/sarahhdz\/wp-json\/wp\/v2\/pages"}],"about":[{"href":"https:\/\/portafoliosfit.um.edu.mx\/sarahhdz\/wp-json\/wp\/v2\/types\/page"}],"author":[{"embeddable":true,"href":"https:\/\/portafoliosfit.um.edu.mx\/sarahhdz\/wp-json\/wp\/v2\/users\/18"}],"replies":[{"embeddable":true,"href":"https:\/\/portafoliosfit.um.edu.mx\/sarahhdz\/wp-json\/wp\/v2\/comments?post=95"}],"version-history":[{"count":45,"href":"https:\/\/portafoliosfit.um.edu.mx\/sarahhdz\/wp-json\/wp\/v2\/pages\/95\/revisions"}],"predecessor-version":[{"id":1487,"href":"https:\/\/portafoliosfit.um.edu.mx\/sarahhdz\/wp-json\/wp\/v2\/pages\/95\/revisions\/1487"}],"wp:featuredmedia":[{"embeddable":true,"href":"https:\/\/portafoliosfit.um.edu.mx\/sarahhdz\/wp-json\/wp\/v2\/media\/1324"}],"wp:attachment":[{"href":"https:\/\/portafoliosfit.um.edu.mx\/sarahhdz\/wp-json\/wp\/v2\/media?parent=95"}],"curies":[{"name":"wp","href":"https:\/\/api.w.org\/{rel}","templated":true}]}}