{"id":93,"date":"2018-09-18T01:56:43","date_gmt":"2018-09-18T07:56:43","guid":{"rendered":"http:\/\/portafoliosfit.um.edu.mx\/sarahhdz\/?page_id=93"},"modified":"2020-05-01T13:55:13","modified_gmt":"2020-05-01T19:55:13","slug":"cosmovision-y-proyecto-de-vida","status":"publish","type":"page","link":"https:\/\/portafoliosfit.um.edu.mx\/sarahhdz\/cosmovision-y-proyecto-de-vida\/","title":{"rendered":"Cosmovisi\u00f3n y proyecto de vida"},"content":{"rendered":"<div class=\"et_d4_element et_pb_section et_pb_section_0 et_pb_section_parallax  et_pb_css_mix_blend_mode et_section_regular et_block_section\" >\n\t\t\t\t\n\t\t\t\t\n\t\t\t\t\n\t\t\t\t\n\t\t\t\t\n\t\t\t\t\n\t\t\t\t<div class=\"et_d4_element et_pb_row et_pb_row_0  et_pb_css_mix_blend_mode et_block_row\">\n\t\t\t\t<div class=\"et_d4_element et_pb_column_4_4 et_pb_column et_pb_column_0  et_pb_css_mix_blend_mode et-last-child et_block_column\">\n\t\t\t\t\n\t\t\t\t\n\t\t\t\t\n\t\t\t\t\n\t\t\t\t<div class=\"et_pb_module et_d4_element et_pb_post_title et_pb_post_title_0 et_pb_bg_layout_dark  et_pb_text_align_left\"   >\n\t\t\t\t\n\t\t\t\t\n\t\t\t\t\n\t\t\t\t\n\t\t\t\t\n\t\t\t\t<div class=\"et_pb_title_container\">\n\t\t\t\t\t<h1 class=\"entry-title\"><\/h1>\n\t\t\t\t<\/div>\n\t\t\t\t\n\t\t\t<\/div>\n\t\t\t<\/div>\n\t\t\t\t\n\t\t\t\t\n\t\t\t\t\n\t\t\t\t\n\t\t\t<\/div><div class=\"et_d4_element et_pb_row et_pb_row_1  et_pb_css_mix_blend_mode et_block_row\">\n\t\t\t\t<div class=\"et_d4_element et_pb_column_4_4 et_pb_column et_pb_column_1  et_pb_css_mix_blend_mode et-last-child et_block_column\">\n\t\t\t\t\n\t\t\t\t\n\t\t\t\t\n\t\t\t\t\n\t\t\t\t<div class=\"et_pb_module et_d4_element et_pb_text et_pb_text_0  et_pb_text_align_justified et_pb_bg_layout_light\">\n\t\t\t\t\n\t\t\t\t\n\t\t\t\t\n\t\t\t\t\n\t\t\t\t<div class=\"et_pb_text_inner\"><h2 style=\"text-align: justify\"><span style=\"color: #000000\"><strong>COSMOVISI\u00d3N<\/strong><\/span><\/h2>\n<p>\u00a0<\/p>\n<p style=\"text-align: justify\"><span style=\"color: #000000\">Finalmente, lo que todo ser humano busca es la felicidad. Desde mi punto de vista, la verdadera felicidad la encontramos en agradar a Dios. Este objetivo nos motiva por ende a hacer las cosas correctas, a alcanzar la satisfacci\u00f3n al final de nuestra vida y a desarrollarnos en todos los \u00e1mbitos de nuestra vida, es alcanzar lo que llamamos plenitud. Yo definir\u00eda, con mis palabras, que plenitud es la satisfacci\u00f3n y felicidad alcanzada en todos los \u00e1mbitos de tu vida, que trae paz, tranquilidad, pero tambi\u00e9n gozo y felicidad. Mi objetivo es tener una vida plena, estar siempre tomada de la mano de Dios y pensar en que lo que yo vaya a hacer le agrade a \u00c9l.<\/span><\/p><\/div>\n\t\t\t<\/div><div class=\"et_pb_module et_d4_element et_pb_text et_pb_text_1  et_pb_text_align_justified et_pb_bg_layout_light\">\n\t\t\t\t\n\t\t\t\t\n\t\t\t\t\n\t\t\t\t\n\t\t\t\t<div class=\"et_pb_text_inner\"><h2><span style=\"color: #000000\"><strong>PROYECTO DE VIDA<\/strong><\/span><\/h2>\n<p>\u00a0<\/p>\n<p><span style=\"color: #000000\">\u00a0<strong style=\"font-size: 14px\">\u00c1rea personal y familiar:<\/strong><span style=\"font-size: 14px\"> mi objetivo si es casarme cuando sea el momento. Creo que ese momento es cuando ya he experimentado el comienzo de disfrutar la carrera que he elegido. Deseo tener un hogar donde el ambiente que se viva sea de paz y armon\u00eda. Quiero poner de mi parte para llevarme bien con la persona con quien me vaya a casar y tenerle mucha confianza. Por lo tanto, pienso que para escoger a esa persona tiene que ser un buen amigo, que me sienta c\u00f3moda con \u00e9l y claro que me atraiga.<\/span><\/span><\/p>\n<p><span style=\"color: #000000\"><strong>\u00c1rea social:<\/strong> en esta \u00e1rea de mi vida mi prop\u00f3sito es hacer buenas relaciones con gente m\u00e1s grande que yo para aprender de la experiencia, pero tambi\u00e9n con m\u00e1s j\u00f3venes que yo para mantener el esp\u00edritu innovador que siempre tienen. Adem\u00e1s, quiero ser una persona activa en mi iglesia, quiero dedicar mis dones a Dios y ense\u00f1ar a otros lo que he aprendido. Tambi\u00e9n quiero aprender la hospitalidad y poder invitar personas a mi casa, rodearme de gente de la cual pueda aprender y tambi\u00e9n ense\u00f1ar, porque ense\u00f1ando tambi\u00e9n se aprende.<\/span><\/p>\n<p><span style=\"color: #000000\"><strong>Salud y bienestar:<\/strong> Quiero mantenerme en buena salud, en general si una persona algo enfermiza, pero a pesar de eso puedo mejorar mi calidad de vida. Mi objetivo es llevar una buena alimentaci\u00f3n en mi familia y crear un men\u00fa mensual porque creo que al fin de cuentas es mucho m\u00e1s pr\u00e1ctico ahorrando tiempo, dinero y esfuerzo pensando cada qu\u00e9 preparar. Otro objetivo es aprender a dormirme temprano y madrugar para aprovechar el tiempo. Y finalmente, hacer ejercicio y tomar suficiente agua.<\/span><\/p>\n<p><span style=\"color: #000000\"><strong>\u00c1rea laboral:<\/strong> a m\u00ed me gustar\u00eda desarrollarme en mi \u00e1rea profesional y tener un sustento estable, pero tambi\u00e9n hay tres cosas que deseo hacer: Quiero dise\u00f1ar una aplicaci\u00f3n para la iglesia adventista donde que pueda ser aprovechada para los diferentes cargos en las iglesias. Veo en general dos necesidades: el formato del informe de iglesia, adem\u00e1s de los otros ministerios que deben enviar su informe puede estar de una manera m\u00e1s organizada con una aplicaci\u00f3n donde se env\u00ede el informe y se suba de una manera ordenada a un servidor para que se pueda acceder a ellos f\u00e1cilmente. S\u00e9 que actualmente los informes se env\u00edan por correo y organizarlos es algo tedioso.<\/span><\/p>\n<p><span style=\"color: #000000\">Otro proyecto es dise\u00f1ar una aplicaci\u00f3n que permita a las asociaciones organizar eventos y las personas interesadas en ir puedan llenar sus datos desde ah\u00ed e incluso hacer el pago. Esto permitir\u00e1 un mejor control de cuantos asisten al evento, cu\u00e1ntos ya pagaron, etc.<\/span><\/p>\n<p><span style=\"color: #000000\">Y mi \u00faltima meta por cumplir es ser maestras, quiero tener experiencia y poder compartir lo aprendido. Siempre me ha gustado dar clases, as\u00ed que no creo que sea dif\u00edcil para m\u00ed. Un prop\u00f3sito que me gustar\u00eda es irme de misionera a un lugar donde pueda implementar mis ideas, mejorarlas y adaptarlas. Creo que trabajando para la iglesia tal vez uno no gane mucho dinero como en el mundo laboral fuera de la iglesia, pero lo que se gana es habilidades y experiencias.<\/span><\/p><\/div>\n\t\t\t<\/div>\n\t\t\t<\/div>\n\t\t\t\t\n\t\t\t\t\n\t\t\t\t\n\t\t\t\t\n\t\t\t<\/div>\n\t\t\t\t\n\t\t\t\t\n\t\t\t<\/div>\n","protected":false},"excerpt":{"rendered":"","protected":false},"author":18,"featured_media":1338,"parent":0,"menu_order":2,"comment_status":"closed","ping_status":"closed","template":"","meta":{"_et_pb_use_builder":"on","_et_pb_old_content":"","_et_gb_content_width":"","footnotes":""},"class_list":["post-93","page","type-page","status-publish","has-post-thumbnail","hentry"],"_links":{"self":[{"href":"https:\/\/portafoliosfit.um.edu.mx\/sarahhdz\/wp-json\/wp\/v2\/pages\/93","targetHints":{"allow":["GET"]}}],"collection":[{"href":"https:\/\/portafoliosfit.um.edu.mx\/sarahhdz\/wp-json\/wp\/v2\/pages"}],"about":[{"href":"https:\/\/portafoliosfit.um.edu.mx\/sarahhdz\/wp-json\/wp\/v2\/types\/page"}],"author":[{"embeddable":true,"href":"https:\/\/portafoliosfit.um.edu.mx\/sarahhdz\/wp-json\/wp\/v2\/users\/18"}],"replies":[{"embeddable":true,"href":"https:\/\/portafoliosfit.um.edu.mx\/sarahhdz\/wp-json\/wp\/v2\/comments?post=93"}],"version-history":[{"count":32,"href":"https:\/\/portafoliosfit.um.edu.mx\/sarahhdz\/wp-json\/wp\/v2\/pages\/93\/revisions"}],"predecessor-version":[{"id":1377,"href":"https:\/\/portafoliosfit.um.edu.mx\/sarahhdz\/wp-json\/wp\/v2\/pages\/93\/revisions\/1377"}],"wp:featuredmedia":[{"embeddable":true,"href":"https:\/\/portafoliosfit.um.edu.mx\/sarahhdz\/wp-json\/wp\/v2\/media\/1338"}],"wp:attachment":[{"href":"https:\/\/portafoliosfit.um.edu.mx\/sarahhdz\/wp-json\/wp\/v2\/media?parent=93"}],"curies":[{"name":"wp","href":"https:\/\/api.w.org\/{rel}","templated":true}]}}