{"id":100,"date":"2018-09-18T02:02:45","date_gmt":"2018-09-18T08:02:45","guid":{"rendered":"http:\/\/portafoliosfit.um.edu.mx\/sarahhdz\/?page_id=100"},"modified":"2020-05-01T18:08:38","modified_gmt":"2020-05-02T00:08:38","slug":"inicio","status":"publish","type":"page","link":"https:\/\/portafoliosfit.um.edu.mx\/sarahhdz\/","title":{"rendered":"INICIO"},"content":{"rendered":"<div class=\"et_d4_element et_pb_section et_pb_section_0 et_pb_with_background  et_pb_css_mix_blend_mode et_section_regular et_block_section\" >\n\t\t\t\t\n\t\t\t\t\n\t\t\t\t\n\t\t\t\t\n\t\t\t\t\n\t\t\t\t\n\t\t\t\t<div class=\"et_d4_element et_pb_row et_pb_row_0  et_pb_css_mix_blend_mode et_block_row\">\n\t\t\t\t<div class=\"et_d4_element et_pb_column_4_4 et_pb_column et_pb_column_0  et_pb_css_mix_blend_mode et-last-child et_block_column\">\n\t\t\t\t\n\t\t\t\t\n\t\t\t\t\n\t\t\t\t\n\t\t\t\t<div class=\"et_pb_module et_d4_element et_pb_text et_pb_text_0  et_pb_text_align_left et_pb_bg_layout_dark\">\n\t\t\t\t\n\t\t\t\t\n\t\t\t\t\n\t\t\t\t\n\t\t\t\t<div class=\"et_pb_text_inner\"><h1 style=\"text-align: center\"><strong>Sarah Hern\u00e1ndez Serrano<\/strong><\/h1>\n<p style=\"text-align: center\"><strong><\/strong><\/p>\n<p style=\"text-align: center\"><strong><\/strong><\/p>\n<h4 style=\"text-align: center\">Facultad de Ingenier\u00eda y Tecnolog\u00eda<\/h4><\/div>\n\t\t\t<\/div><div class=\"et_pb_module et_d4_element et_pb_divider et_pb_divider_0 et_pb_space\"><div class=\"et_pb_divider_internal\"><\/div><\/div>\n\t\t\t<\/div>\n\t\t\t\t\n\t\t\t\t\n\t\t\t\t\n\t\t\t\t\n\t\t\t<\/div><div class=\"et_d4_element et_pb_row et_pb_row_1  et_pb_css_mix_blend_mode et_block_row\">\n\t\t\t\t<div class=\"et_d4_element et_pb_column_2_5 et_pb_column et_pb_column_1  et_pb_css_mix_blend_mode et_block_column\">\n\t\t\t\t\n\t\t\t\t\n\t\t\t\t\n\t\t\t\t\n\t\t\t\t<div class=\"et_pb_with_border et_pb_module et_d4_element et_pb_image et_pb_image_0\">\n\t\t\t\t\n\t\t\t\t\n\t\t\t\t\n\t\t\t\t\n\t\t\t\t<span class=\"et_pb_image_wrap has-box-shadow-overlay\"><div class=\"box-shadow-overlay\"><\/div><img loading=\"lazy\" decoding=\"async\" width=\"2680\" height=\"2679\" src=\"http:\/\/portafoliosfit.um.edu.mx\/sarahhdz\/wp-content\/uploads\/sites\/16\/2020\/05\/nnn.jpg\" alt=\"\" title=\"nnn\" class=\"wp-image-1397\" \/><\/span>\n\t\t\t<\/div>\n\t\t\t<\/div><div class=\"et_d4_element et_pb_column_3_5 et_pb_column et_pb_column_2  et_pb_css_mix_blend_mode et-last-child et_block_column\">\n\t\t\t\t\n\t\t\t\t\n\t\t\t\t\n\t\t\t\t\n\t\t\t\t<div class=\"et_pb_module et_d4_element et_pb_divider_1 et_pb_space et_pb_divider_hidden\"><div class=\"et_pb_divider_internal\"><\/div><\/div><div class=\"et_pb_module et_d4_element et_pb_text et_pb_text_1  et_pb_text_align_left et_pb_bg_layout_light\">\n\t\t\t\t\n\t\t\t\t\n\t\t\t\t\n\t\t\t\t\n\t\t\t\t<div class=\"et_pb_text_inner\"><blockquote>\n<p>Fecha de nacimiento: <strong>16 de septiembre de 1999<\/strong><\/p>\n<p>Localizaci\u00f3n:<strong> Universidad de Montemorelos<\/strong><\/p>\n<p>Correo de contacto: <strong><a href=\"mailto:1170469@alumno.um.edu.mx\">1170469@alumno.um.edu.mx<\/a><\/strong><\/p>\n<p>Acad\u00e9mico: <strong>Ingenier\u00eda en Sistemas Computacionales<\/strong><\/p>\n<p>Tutores: <strong>H\u00e9ctor Hern\u00e1ndez Maya <\/strong><strong>y Blanca Isela Serrano Galaviz<\/strong><\/p>\n<\/blockquote><\/div>\n\t\t\t<\/div>\n\t\t\t<\/div>\n\t\t\t\t\n\t\t\t\t\n\t\t\t\t\n\t\t\t\t\n\t\t\t<\/div><div class=\"et_d4_element et_pb_row et_pb_row_2  et_pb_css_mix_blend_mode et_block_row\">\n\t\t\t\t<div class=\"et_d4_element et_pb_column_4_4 et_pb_column et_pb_column_3  et_pb_css_mix_blend_mode et-last-child et_block_column\">\n\t\t\t\t\n\t\t\t\t\n\t\t\t\t\n\t\t\t\t\n\t\t\t\t<div class=\"et_pb_with_border et_pb_module et_d4_element et_pb_gallery et_pb_gallery_0  et_pb_bg_layout_dark et_pb_slider et_pb_gallery_fullwidth\">\n\t\t\t\t<div class=\"et_pb_gallery_items et_pb_grid_items et_post_gallery clearfix\" data-per_page=\"4\"><div class=\"et_pb_gallery_item et_pb_bg_layout_dark et_pb_css_mix_blend_mode et_pb_gallery_item_0_0\"><div class=\"et_pb_gallery_image landscape\">\n\t\t\t\t\t<a href=\"https:\/\/portafoliosfit.um.edu.mx\/sarahhdz\/wp-content\/uploads\/sites\/16\/2018\/09\/IMG_2698-1.jpg\" title=\"IMG_2698\">\n\t\t\t\t\t<img loading=\"lazy\" decoding=\"async\" width=\"3065\" height=\"1974\" src=\"https:\/\/portafoliosfit.um.edu.mx\/sarahhdz\/wp-content\/uploads\/sites\/16\/2018\/09\/IMG_2698-1.jpg\" class=\"wp-image-361\" srcset=\"https:\/\/portafoliosfit.um.edu.mx\/sarahhdz\/wp-content\/uploads\/sites\/16\/2018\/09\/IMG_2698-1.jpg 3065w, https:\/\/portafoliosfit.um.edu.mx\/sarahhdz\/wp-content\/uploads\/sites\/16\/2018\/09\/IMG_2698-1-300x193.jpg 300w, https:\/\/portafoliosfit.um.edu.mx\/sarahhdz\/wp-content\/uploads\/sites\/16\/2018\/09\/IMG_2698-1-768x495.jpg 768w, https:\/\/portafoliosfit.um.edu.mx\/sarahhdz\/wp-content\/uploads\/sites\/16\/2018\/09\/IMG_2698-1-1024x660.jpg 1024w, https:\/\/portafoliosfit.um.edu.mx\/sarahhdz\/wp-content\/uploads\/sites\/16\/2018\/09\/IMG_2698-1-1080x696.jpg 1080w\" sizes=\"(max-width: 3065px) 100vw, 3065px\" \/>\n\t\t\t\t\t\n\t\t\t\t<\/a>\n\t\t\t\t<\/div><\/div><div class=\"et_pb_gallery_item et_pb_bg_layout_dark et_pb_css_mix_blend_mode et_pb_gallery_item_0_1\"><div class=\"et_pb_gallery_image landscape\">\n\t\t\t\t\t<a href=\"https:\/\/portafoliosfit.um.edu.mx\/sarahhdz\/wp-content\/uploads\/sites\/16\/2018\/09\/IMG_0289.jpg\" title=\"IMG_0289\">\n\t\t\t\t\t<img loading=\"lazy\" decoding=\"async\" width=\"3264\" height=\"2448\" src=\"https:\/\/portafoliosfit.um.edu.mx\/sarahhdz\/wp-content\/uploads\/sites\/16\/2018\/09\/IMG_0289.jpg\" class=\"wp-image-290\" srcset=\"https:\/\/portafoliosfit.um.edu.mx\/sarahhdz\/wp-content\/uploads\/sites\/16\/2018\/09\/IMG_0289.jpg 3264w, https:\/\/portafoliosfit.um.edu.mx\/sarahhdz\/wp-content\/uploads\/sites\/16\/2018\/09\/IMG_0289-300x225.jpg 300w, https:\/\/portafoliosfit.um.edu.mx\/sarahhdz\/wp-content\/uploads\/sites\/16\/2018\/09\/IMG_0289-768x576.jpg 768w, https:\/\/portafoliosfit.um.edu.mx\/sarahhdz\/wp-content\/uploads\/sites\/16\/2018\/09\/IMG_0289-1024x768.jpg 1024w, https:\/\/portafoliosfit.um.edu.mx\/sarahhdz\/wp-content\/uploads\/sites\/16\/2018\/09\/IMG_0289-510x382.jpg 510w, https:\/\/portafoliosfit.um.edu.mx\/sarahhdz\/wp-content\/uploads\/sites\/16\/2018\/09\/IMG_0289-1080x810.jpg 1080w\" sizes=\"(max-width: 3264px) 100vw, 3264px\" \/>\n\t\t\t\t\t\n\t\t\t\t<\/a>\n\t\t\t\t<\/div><\/div><div class=\"et_pb_gallery_item et_pb_bg_layout_dark et_pb_css_mix_blend_mode et_pb_gallery_item_0_2\"><div class=\"et_pb_gallery_image landscape\">\n\t\t\t\t\t<a href=\"https:\/\/portafoliosfit.um.edu.mx\/sarahhdz\/wp-content\/uploads\/sites\/16\/2018\/09\/IMG_0076.jpg\" title=\"IMG_0076\">\n\t\t\t\t\t<img loading=\"lazy\" decoding=\"async\" width=\"1848\" height=\"1224\" src=\"https:\/\/portafoliosfit.um.edu.mx\/sarahhdz\/wp-content\/uploads\/sites\/16\/2018\/09\/IMG_0076.jpg\" class=\"wp-image-286\" srcset=\"https:\/\/portafoliosfit.um.edu.mx\/sarahhdz\/wp-content\/uploads\/sites\/16\/2018\/09\/IMG_0076.jpg 1848w, https:\/\/portafoliosfit.um.edu.mx\/sarahhdz\/wp-content\/uploads\/sites\/16\/2018\/09\/IMG_0076-300x199.jpg 300w, https:\/\/portafoliosfit.um.edu.mx\/sarahhdz\/wp-content\/uploads\/sites\/16\/2018\/09\/IMG_0076-768x509.jpg 768w, https:\/\/portafoliosfit.um.edu.mx\/sarahhdz\/wp-content\/uploads\/sites\/16\/2018\/09\/IMG_0076-1024x678.jpg 1024w, https:\/\/portafoliosfit.um.edu.mx\/sarahhdz\/wp-content\/uploads\/sites\/16\/2018\/09\/IMG_0076-1080x715.jpg 1080w\" sizes=\"(max-width: 1848px) 100vw, 1848px\" \/>\n\t\t\t\t\t\n\t\t\t\t<\/a>\n\t\t\t\t<\/div><\/div><div class=\"et_pb_gallery_item et_pb_bg_layout_dark et_pb_css_mix_blend_mode et_pb_gallery_item_0_3\"><div class=\"et_pb_gallery_image landscape\">\n\t\t\t\t\t<a href=\"https:\/\/portafoliosfit.um.edu.mx\/sarahhdz\/wp-content\/uploads\/sites\/16\/2018\/09\/IMG_E2746-2.jpg\" title=\"IMG_E2746\">\n\t\t\t\t\t<img loading=\"lazy\" decoding=\"async\" width=\"3264\" height=\"2448\" src=\"https:\/\/portafoliosfit.um.edu.mx\/sarahhdz\/wp-content\/uploads\/sites\/16\/2018\/09\/IMG_E2746-2.jpg\" class=\"wp-image-358\" srcset=\"https:\/\/portafoliosfit.um.edu.mx\/sarahhdz\/wp-content\/uploads\/sites\/16\/2018\/09\/IMG_E2746-2.jpg 3264w, https:\/\/portafoliosfit.um.edu.mx\/sarahhdz\/wp-content\/uploads\/sites\/16\/2018\/09\/IMG_E2746-2-300x225.jpg 300w, https:\/\/portafoliosfit.um.edu.mx\/sarahhdz\/wp-content\/uploads\/sites\/16\/2018\/09\/IMG_E2746-2-768x576.jpg 768w, https:\/\/portafoliosfit.um.edu.mx\/sarahhdz\/wp-content\/uploads\/sites\/16\/2018\/09\/IMG_E2746-2-1024x768.jpg 1024w, https:\/\/portafoliosfit.um.edu.mx\/sarahhdz\/wp-content\/uploads\/sites\/16\/2018\/09\/IMG_E2746-2-510x382.jpg 510w, https:\/\/portafoliosfit.um.edu.mx\/sarahhdz\/wp-content\/uploads\/sites\/16\/2018\/09\/IMG_E2746-2-1080x810.jpg 1080w\" sizes=\"(max-width: 3264px) 100vw, 3264px\" \/>\n\t\t\t\t\t\n\t\t\t\t<\/a>\n\t\t\t\t<\/div><\/div><div class=\"et_pb_gallery_item et_pb_bg_layout_dark et_pb_css_mix_blend_mode et_pb_gallery_item_0_4\"><div class=\"et_pb_gallery_image landscape\">\n\t\t\t\t\t<a href=\"https:\/\/portafoliosfit.um.edu.mx\/sarahhdz\/wp-content\/uploads\/sites\/16\/2018\/09\/IMG_0035-2.jpg\" title=\"IMG_0035\">\n\t\t\t\t\t<img loading=\"lazy\" decoding=\"async\" width=\"1243\" height=\"959\" src=\"https:\/\/portafoliosfit.um.edu.mx\/sarahhdz\/wp-content\/uploads\/sites\/16\/2018\/09\/IMG_0035-2.jpg\" class=\"wp-image-359\" srcset=\"https:\/\/portafoliosfit.um.edu.mx\/sarahhdz\/wp-content\/uploads\/sites\/16\/2018\/09\/IMG_0035-2.jpg 1243w, https:\/\/portafoliosfit.um.edu.mx\/sarahhdz\/wp-content\/uploads\/sites\/16\/2018\/09\/IMG_0035-2-300x231.jpg 300w, https:\/\/portafoliosfit.um.edu.mx\/sarahhdz\/wp-content\/uploads\/sites\/16\/2018\/09\/IMG_0035-2-768x593.jpg 768w, https:\/\/portafoliosfit.um.edu.mx\/sarahhdz\/wp-content\/uploads\/sites\/16\/2018\/09\/IMG_0035-2-1024x790.jpg 1024w, https:\/\/portafoliosfit.um.edu.mx\/sarahhdz\/wp-content\/uploads\/sites\/16\/2018\/09\/IMG_0035-2-1080x833.jpg 1080w\" sizes=\"(max-width: 1243px) 100vw, 1243px\" \/>\n\t\t\t\t\t\n\t\t\t\t<\/a>\n\t\t\t\t<\/div><\/div><div class=\"et_pb_gallery_item et_pb_bg_layout_dark et_pb_css_mix_blend_mode et_pb_gallery_item_0_5\"><div class=\"et_pb_gallery_image landscape\">\n\t\t\t\t\t<a href=\"https:\/\/portafoliosfit.um.edu.mx\/sarahhdz\/wp-content\/uploads\/sites\/16\/2020\/05\/IMG_0946-1024x768-1.jpg\" title=\"IMG_0946-1024x768\">\n\t\t\t\t\t<img loading=\"lazy\" decoding=\"async\" width=\"1024\" height=\"768\" src=\"https:\/\/portafoliosfit.um.edu.mx\/sarahhdz\/wp-content\/uploads\/sites\/16\/2020\/05\/IMG_0946-1024x768-1.jpg\" class=\"wp-image-1453\" \/>\n\t\t\t\t\t\n\t\t\t\t<\/a>\n\t\t\t\t<\/div><\/div><div class=\"et_pb_gallery_item et_pb_bg_layout_dark et_pb_css_mix_blend_mode et_pb_gallery_item_0_6\"><div class=\"et_pb_gallery_image landscape\">\n\t\t\t\t\t<a href=\"https:\/\/portafoliosfit.um.edu.mx\/sarahhdz\/wp-content\/uploads\/sites\/16\/2018\/09\/IMG_0433-1.jpg\" title=\"IMG_0433\">\n\t\t\t\t\t<img loading=\"lazy\" decoding=\"async\" width=\"1334\" height=\"890\" src=\"https:\/\/portafoliosfit.um.edu.mx\/sarahhdz\/wp-content\/uploads\/sites\/16\/2018\/09\/IMG_0433-1.jpg\" class=\"wp-image-300\" srcset=\"https:\/\/portafoliosfit.um.edu.mx\/sarahhdz\/wp-content\/uploads\/sites\/16\/2018\/09\/IMG_0433-1.jpg 1334w, https:\/\/portafoliosfit.um.edu.mx\/sarahhdz\/wp-content\/uploads\/sites\/16\/2018\/09\/IMG_0433-1-300x200.jpg 300w, https:\/\/portafoliosfit.um.edu.mx\/sarahhdz\/wp-content\/uploads\/sites\/16\/2018\/09\/IMG_0433-1-768x512.jpg 768w, https:\/\/portafoliosfit.um.edu.mx\/sarahhdz\/wp-content\/uploads\/sites\/16\/2018\/09\/IMG_0433-1-1024x683.jpg 1024w, https:\/\/portafoliosfit.um.edu.mx\/sarahhdz\/wp-content\/uploads\/sites\/16\/2018\/09\/IMG_0433-1-1080x721.jpg 1080w\" sizes=\"(max-width: 1334px) 100vw, 1334px\" \/>\n\t\t\t\t\t\n\t\t\t\t<\/a>\n\t\t\t\t<\/div><\/div><div class=\"et_pb_gallery_item et_pb_bg_layout_dark et_pb_css_mix_blend_mode et_pb_gallery_item_0_7\"><div class=\"et_pb_gallery_image landscape\">\n\t\t\t\t\t<a href=\"https:\/\/portafoliosfit.um.edu.mx\/sarahhdz\/wp-content\/uploads\/sites\/16\/2018\/09\/IMG_1076-2.jpg\" title=\"IMG_1076\">\n\t\t\t\t\t<img loading=\"lazy\" decoding=\"async\" width=\"1280\" height=\"960\" src=\"https:\/\/portafoliosfit.um.edu.mx\/sarahhdz\/wp-content\/uploads\/sites\/16\/2018\/09\/IMG_1076-2.jpg\" class=\"wp-image-371\" srcset=\"https:\/\/portafoliosfit.um.edu.mx\/sarahhdz\/wp-content\/uploads\/sites\/16\/2018\/09\/IMG_1076-2.jpg 1280w, https:\/\/portafoliosfit.um.edu.mx\/sarahhdz\/wp-content\/uploads\/sites\/16\/2018\/09\/IMG_1076-2-300x225.jpg 300w, https:\/\/portafoliosfit.um.edu.mx\/sarahhdz\/wp-content\/uploads\/sites\/16\/2018\/09\/IMG_1076-2-768x576.jpg 768w, https:\/\/portafoliosfit.um.edu.mx\/sarahhdz\/wp-content\/uploads\/sites\/16\/2018\/09\/IMG_1076-2-1024x768.jpg 1024w, https:\/\/portafoliosfit.um.edu.mx\/sarahhdz\/wp-content\/uploads\/sites\/16\/2018\/09\/IMG_1076-2-510x382.jpg 510w, https:\/\/portafoliosfit.um.edu.mx\/sarahhdz\/wp-content\/uploads\/sites\/16\/2018\/09\/IMG_1076-2-1080x810.jpg 1080w\" sizes=\"(max-width: 1280px) 100vw, 1280px\" \/>\n\t\t\t\t\t\n\t\t\t\t<\/a>\n\t\t\t\t<\/div><\/div><\/div><\/div>\n\t\t\t<\/div>\n\t\t\t\t\n\t\t\t\t\n\t\t\t\t\n\t\t\t\t\n\t\t\t<\/div><div class=\"et_d4_element et_pb_row et_pb_row_3  et_pb_css_mix_blend_mode et_block_row\">\n\t\t\t\t<div class=\"et_d4_element et_pb_column_4_4 et_pb_column et_pb_column_4  et_pb_css_mix_blend_mode et-last-child et_block_column\">\n\t\t\t\t\n\t\t\t\t\n\t\t\t\t\n\t\t\t\t\n\t\t\t\t<div class=\"et_pb_module et_d4_element et_pb_text et_pb_text_2  et_pb_text_align_left et_pb_bg_layout_light\">\n\t\t\t\t\n\t\t\t\t\n\t\t\t\t\n\t\t\t\t\n\t\t\t\t<div class=\"et_pb_text_inner\"><h2 style=\"text-align: center\"><strong>Introducci\u00f3n<\/strong><\/h2>\n<p>&nbsp;<\/p>\n<p style=\"text-align: justify\">Este es el punto de partida de mi portafolio. En \u00e9l podr\u00e1s encontrar una serie de competencias que se describen al principio de cada materia. Adem\u00e1s de una reflesi\u00f3n que est\u00e1 al final de la misma. Una colecci\u00f3n de competencias que he adquirido hasta ahora y que seguir\u00e1n desarrollando en la preparaci\u00f3n que queda por delante.<\/p>\n<p style=\"text-align: justify\">Sienceramente, espero que aquel que lea estas l\u00edneas pueda generar el entusiasmo por seguir descubriendo este portafolio. Finalmente quiero concluir con las siguientes tres frases que hablan sobre el aprendizaje e impactaron hace unos a\u00f1os, as\u00ed como mi manera de ver la escuela como una inmensa fuente del saber, una oportunidad de preparaci\u00f2n para no conformarse con la ignorancia, la cual a su vez no deja nada bueno. En un mundo donde todo es competencia podemos ser enga\u00f1ados f\u00e1cilmente.<\/p>\n<p style=\"text-align: justify\">\"Qu\u00e9 absurdo el abstenerse de aprender con el pretexto de que se ha pasado mucho tiempo sin hacerlo! Es preciso aprender mientras dure la ignorancia.\"-<em>Lucio Anneo S\u00e9neca<\/em><\/p>\n<p style=\"text-align: justify\">\"Un ni\u00f1o siempre puede ense\u00f1ar tres cosas a un adulto: a ponerse contento sin motivo, a estar siempre ocupado con algo y a saber exigir con todas sus fuerzas aqu\u00e9llo que desea. Es necesario aprender lo que necesitamos y no \u00fanicamente lo que queremos.\"-<em>Paulo Coelho<\/em><\/p><\/div>\n\t\t\t<\/div>\n\t\t\t<\/div>\n\t\t\t\t\n\t\t\t\t\n\t\t\t\t\n\t\t\t\t\n\t\t\t<\/div>\n\t\t\t\t\n\t\t\t\t\n\t\t\t<\/div>\n","protected":false},"excerpt":{"rendered":"","protected":false},"author":18,"featured_media":0,"parent":0,"menu_order":0,"comment_status":"closed","ping_status":"closed","template":"","meta":{"_et_pb_use_builder":"on","_et_pb_old_content":"","_et_gb_content_width":"","footnotes":""},"class_list":["post-100","page","type-page","status-publish","hentry"],"_links":{"self":[{"href":"https:\/\/portafoliosfit.um.edu.mx\/sarahhdz\/wp-json\/wp\/v2\/pages\/100","targetHints":{"allow":["GET"]}}],"collection":[{"href":"https:\/\/portafoliosfit.um.edu.mx\/sarahhdz\/wp-json\/wp\/v2\/pages"}],"about":[{"href":"https:\/\/portafoliosfit.um.edu.mx\/sarahhdz\/wp-json\/wp\/v2\/types\/page"}],"author":[{"embeddable":true,"href":"https:\/\/portafoliosfit.um.edu.mx\/sarahhdz\/wp-json\/wp\/v2\/users\/18"}],"replies":[{"embeddable":true,"href":"https:\/\/portafoliosfit.um.edu.mx\/sarahhdz\/wp-json\/wp\/v2\/comments?post=100"}],"version-history":[{"count":53,"href":"https:\/\/portafoliosfit.um.edu.mx\/sarahhdz\/wp-json\/wp\/v2\/pages\/100\/revisions"}],"predecessor-version":[{"id":1464,"href":"https:\/\/portafoliosfit.um.edu.mx\/sarahhdz\/wp-json\/wp\/v2\/pages\/100\/revisions\/1464"}],"wp:attachment":[{"href":"https:\/\/portafoliosfit.um.edu.mx\/sarahhdz\/wp-json\/wp\/v2\/media?parent=100"}],"curies":[{"name":"wp","href":"https:\/\/api.w.org\/{rel}","templated":true}]}}