{"id":49,"date":"2021-04-13T20:48:37","date_gmt":"2021-04-13T20:48:37","guid":{"rendered":"http:\/\/portafoliosfit.um.edu.mx\/erickacuna\/?page_id=49"},"modified":"2023-04-18T20:57:39","modified_gmt":"2023-04-18T20:57:39","slug":"autobiografia","status":"publish","type":"page","link":"https:\/\/portafoliosfit.um.edu.mx\/erickacuna\/autobiografia\/","title":{"rendered":"Autobiograf\u00eda"},"content":{"rendered":"\t\t<div data-elementor-type=\"wp-page\" data-elementor-id=\"49\" class=\"elementor elementor-49\">\n\t\t\t\t\t\t<header class=\"elementor-section elementor-top-section elementor-element elementor-element-7d957aca elementor-reverse-mobile elementor-section-height-min-height elementor-section-items-stretch elementor-section-boxed elementor-section-height-default\" data-id=\"7d957aca\" data-element_type=\"section\" data-e-type=\"section\" data-settings=\"{&quot;background_background&quot;:&quot;classic&quot;}\">\n\t\t\t\t\t\t<div class=\"elementor-container elementor-column-gap-default\">\n\t\t\t\t\t<div class=\"elementor-column elementor-col-100 elementor-top-column elementor-element elementor-element-4a6229cf\" data-id=\"4a6229cf\" data-element_type=\"column\" data-e-type=\"column\">\n\t\t\t<div class=\"elementor-widget-wrap elementor-element-populated\">\n\t\t\t\t\t\t<div class=\"elementor-element elementor-element-3f3af22d elementor-widget elementor-widget-heading\" data-id=\"3f3af22d\" data-element_type=\"widget\" data-e-type=\"widget\" data-widget_type=\"heading.default\">\n\t\t\t\t<div class=\"elementor-widget-container\">\n\t\t\t\t\t<h1 class=\"elementor-heading-title elementor-size-default\">\u00bfQui\u00e9n soy?<\/h1>\t\t\t\t<\/div>\n\t\t\t\t<\/div>\n\t\t\t\t<div class=\"elementor-element elementor-element-2f4a614c elementor-widget-divider--view-line elementor-widget elementor-widget-divider\" data-id=\"2f4a614c\" data-element_type=\"widget\" data-e-type=\"widget\" data-widget_type=\"divider.default\">\n\t\t\t\t<div class=\"elementor-widget-container\">\n\t\t\t\t\t\t\t<div class=\"elementor-divider\">\n\t\t\t<span class=\"elementor-divider-separator\">\n\t\t\t\t\t\t<\/span>\n\t\t<\/div>\n\t\t\t\t\t\t<\/div>\n\t\t\t\t<\/div>\n\t\t\t\t\t<\/div>\n\t\t<\/div>\n\t\t\t\t<div class=\"elementor-column elementor-col-100 elementor-top-column elementor-element elementor-element-44880333\" data-id=\"44880333\" data-element_type=\"column\" data-e-type=\"column\">\n\t\t\t<div class=\"elementor-widget-wrap elementor-element-populated\">\n\t\t\t\t\t\t\t<\/div>\n\t\t<\/div>\n\t\t\t\t\t<\/div>\n\t\t<\/header>\n\t\t\t\t<section class=\"elementor-section elementor-top-section elementor-element elementor-element-2b1b7cbe elementor-section-boxed elementor-section-height-default elementor-section-height-default\" data-id=\"2b1b7cbe\" data-element_type=\"section\" data-e-type=\"section\" data-settings=\"{&quot;background_background&quot;:&quot;classic&quot;}\">\n\t\t\t\t\t\t<div class=\"elementor-container elementor-column-gap-default\">\n\t\t\t\t\t<div class=\"elementor-column elementor-col-100 elementor-top-column elementor-element elementor-element-264bab1b\" data-id=\"264bab1b\" data-element_type=\"column\" data-e-type=\"column\">\n\t\t\t<div class=\"elementor-widget-wrap elementor-element-populated\">\n\t\t\t\t\t\t<section class=\"elementor-section elementor-inner-section elementor-element elementor-element-34f3b681 elementor-reverse-mobile elementor-section-boxed elementor-section-height-default elementor-section-height-default\" data-id=\"34f3b681\" data-element_type=\"section\" data-e-type=\"section\" data-settings=\"{&quot;background_background&quot;:&quot;classic&quot;}\">\n\t\t\t\t\t\t<div class=\"elementor-container elementor-column-gap-default\">\n\t\t\t\t\t<div class=\"elementor-column elementor-col-33 elementor-inner-column elementor-element elementor-element-1eb2b362\" data-id=\"1eb2b362\" data-element_type=\"column\" data-e-type=\"column\">\n\t\t\t<div class=\"elementor-widget-wrap elementor-element-populated\">\n\t\t\t\t\t\t\t<\/div>\n\t\t<\/div>\n\t\t\t\t<div class=\"elementor-column elementor-col-33 elementor-inner-column elementor-element elementor-element-3cfc638e\" data-id=\"3cfc638e\" data-element_type=\"column\" data-e-type=\"column\">\n\t\t\t<div class=\"elementor-widget-wrap elementor-element-populated\">\n\t\t\t\t\t\t<div class=\"elementor-element elementor-element-30077a41 elementor-widget elementor-widget-heading\" data-id=\"30077a41\" data-element_type=\"widget\" data-e-type=\"widget\" data-widget_type=\"heading.default\">\n\t\t\t\t<div class=\"elementor-widget-container\">\n\t\t\t\t\t<h2 class=\"elementor-heading-title elementor-size-default\">Erick Daniel acu\u00f1a Tejeda<\/h2>\t\t\t\t<\/div>\n\t\t\t\t<\/div>\n\t\t\t\t<div class=\"elementor-element elementor-element-2ec75b38 elementor-widget elementor-widget-heading\" data-id=\"2ec75b38\" data-element_type=\"widget\" data-e-type=\"widget\" data-widget_type=\"heading.default\">\n\t\t\t\t<div class=\"elementor-widget-container\">\n\t\t\t\t\t<span class=\"elementor-heading-title elementor-size-default\">3 de enero 2003<\/span>\t\t\t\t<\/div>\n\t\t\t\t<\/div>\n\t\t\t\t<div class=\"elementor-element elementor-element-536f6a6b elementor-widget elementor-widget-text-editor\" data-id=\"536f6a6b\" data-element_type=\"widget\" data-e-type=\"widget\" data-widget_type=\"text-editor.default\">\n\t\t\t\t<div class=\"elementor-widget-container\">\n\t\t\t\t\t\t\t\t\t<p class=\"font_8\"><span><span class=\"color_11\">Mi nombre es Erick Daniel Acu\u00f1a Tejeda, nac\u00ed el 3 de Enero del 2003 en la ciudad de Cadereyta de los Montes, Quer\u00e9taro. Curs\u00e9 primero y segundo de k\u00ednder en Le\u00f3n, Guanajuato, ya que nos trasladamos porque invitaron a mi pap\u00e1 a ser el director de la escuela Julia Garc\u00eda Retana, despu\u00e9s invitaron a mi pap\u00e1 a trabajar a la Universidad de Montemorelos como director de promoci\u00f3n y reclutamiento as\u00ed que acept\u00f3 y nos trasladamos a Montemorelos, despu\u00e9s lo invitaron a ser el Director de Educaci\u00f3n de toda la Uni\u00f3n Mexicana del Norte por un quinquenio y al acabar ese quinquenio lo reeligieron para el mismo cargo pero mas centrado ya que se cre\u00f3 el Sistema Educativo Adventista donde ejerce actualmente.<\/span><\/span><\/p>\n<p class=\"font_8\"><span><span class=\"wixGuard\"><\/span><\/span><\/p>\n<p class=\"font_8\"><span><span class=\"color_11\">Mi vida estudiantil empez\u00f3 a tomar rumbo al 3er a\u00f1o de primaria ya que, aunque en otras ocasiones particip\u00e9 en rondas o diferentes eventos no hab\u00eda favorecido tanto en mis estudios, en tercer a\u00f1o un amigo y yo fuimos elegidos para participar en el evento de lectura, el qued\u00f3 elegido ya que tuve pena de participar, pero eso me dio a entender lo que pod\u00eda hacer y c\u00f3mo pod\u00eda aferrarme a eso. En cuarto a\u00f1o no pasaron muchas cosas interesantes, pero como a todo ni\u00f1o me empezaron a interesar los deportes y en el ISAR en donde curs\u00e9 mi primaria y secundaria entrenaban para jugar handball as\u00ed que empec\u00e9 a entrenar y aunque no era muy bueno me gustaba y me ayudaba a tener condici\u00f3n, en quinto a\u00f1o no pude jugar, pero en sexto se me dio la oportunidad de jugar y poder llegar hasta los juegos estatales.<\/span><\/span><\/p>\n<p class=\"font_8\"><span><span class=\"wixGuard\"><\/span><\/span><\/p>\n<p class=\"font_8\"><span><span class=\"color_11\">Despu\u00e9s pude aprender otros deportes y tambi\u00e9n participar en ellos representando a mi escuela, esto ayud\u00f3 a mis estudios ya que la escuela tiene una condici\u00f3n que si repruebas algo o vas bajo no podr\u00edas jugar as\u00ed que nos ayudaba a todos a ser mas aplicados y sacar buenas calificaciones. Al empezar secundaria mi pap\u00e1 me cont\u00f3 que el jugaba volleyball y lo hab\u00edan invitado a jugar en nacionales y eso me interes\u00f3 as\u00ed que empec\u00e9 a jugarlo, despu\u00e9s mi pap\u00e1 me empez\u00f3 a ense\u00f1ar lo b\u00e1sico entrenando todos los d\u00edas para poder jugar mejor y poder superarme a mi mismo, esto me ense\u00f1o disciplina ya que a veces nos levant\u00e1bamos a las 5 de la ma\u00f1ana para poder entrenar y seguir con nuestras actividades y adem\u00e1s el entrenamiento era muy duro as\u00ed que empec\u00e9 a aprender como no rendirme ante cosas que a veces no pod\u00eda hacer, actualmente es lo que mejor juego de todos los deportes que se jugar y juego en el pueblo en torneos.<\/span><\/span><\/p>\n<p class=\"font_8\"><span><span class=\"wixGuard\"><\/span><\/span><\/p>\n<p class=\"font_8\"><span><span class=\"color_11\">Cuando llegamos a Montemorelos mi mam\u00e1 comenz\u00f3 a ejercer como maestra de matem\u00e1ticas a nivel secundaria hasta la actualidad sigue ah\u00ed, cuando yo pas\u00e9 por secundaria me dio primer y segundo a\u00f1o ense\u00f1\u00e1ndome esa materia y viendo como tambi\u00e9n ten\u00eda el talento de las matem\u00e1ticas, en el segundo a\u00f1o tuve la oportunidad de participar en un concurso de matem\u00e1ticas hecho por el municipio y as\u00ed poder ganar el segundo lugar de todo Montemorelos.<\/span><\/span><\/p>\n<p class=\"font_8\"><span><span class=\"wixGuard\"><\/span><\/span><\/p>\n<p class=\"font_8\"><span><span class=\"color_11\">Al venir a Montemorelos mi hermano y yo nos metimos al conservatorio de m\u00fasica CIMUM, yo decid\u00ed aprender el piano, actualmente voy en el ultimo nivel de los niveles que ense\u00f1a el conservatorio prepar\u00e1ndome para dar el concierto de fin de niveles, a lo largo de eso fui teniendo diferentes maestros ense\u00f1\u00e1ndome para poder mejorar mi talento del piano y poder llegar hasta donde estoy ahora, me ense\u00f1aron a seguir y a ser constante en mis estudios ya que se necesitaba esto para poder pasar todos los niveles y requisitos requeridos, anteriormente estaba en clase de dibujo en donde me ense\u00f1aron a ver las cosas de forma diferente y a proyectarla, me gusta dibujar y aunque ya no tengo tanto tiempo cuando puedo dedico un rato a hacerlo, actualmente estoy poniendo en practica el piano participando como el pianista de la orquesta de la prepa.<\/span><\/span><\/p>\n<p class=\"font_8\"><span><span class=\"wixGuard\"><\/span><\/span><\/p>\n<p class=\"font_8\"><span style=\"font-size: inherit\">Tambi\u00e9n me met\u00ed al club de conquistadores DOULOS participando en eventos espirituales llegando a la clase de&nbsp;Gu\u00edas Mayores y esto me ha ayudado mucho no solo en lo acad\u00e9mico sino tambi\u00e9n en lo espiritual acerc\u00e1ndome mas a Dios.<\/span><\/p>\n<p class=\"font_8\"><span><span class=\"wixGuard\"><\/span><\/span><\/p>\n<p class=\"font_8\">Al ingresar a FITEC empec\u00e9 con las mejores ganas ya que estaba dispuesto a aprender todo lo que me pusieran, tuve la oportunidad de trabajar en el \u00e1rea de la tecnolog\u00eda en la UMN con el Ingeniero Fernando Alonso el cual me ense\u00f1\u00f3 muchas cosas que me han servido para mi carrera y para mi trabajo. Me impresion\u00f3 mucho la forma en la que cambia la vida de la preparatoria y la de la universidad ya que me tuve que meter a aprender a organizar mi tiempo para que pueda administrar trabajo, escuela y tareas.<\/p>\n<p class=\"font_8\">A pesar de que inici\u00e9 mi carrera de forma virtual, he tenido la oportunidad de hacer amigos dentro de FITEC ya que una cosa que me gust\u00f3 de la generaci\u00f3n que inici\u00f3 conmigo, han sido muy amistosos y dispuestos al cambio.<\/p>\n<p class=\"font_8\">En mi segundo a\u00f1o de carrera comenc\u00e9 a trabajar como freelancer junto con el ingeniero Fernando Alonso realizando proyectos para los primeros habitantes de Canad\u00e1 y tambi\u00e9n un proyecto grande de sistema de ventas para Alimentos Colpac.<\/p><p class=\"font_8\">A mediados de segundo a\u00f1o sali\u00f3 la oportunidad de aplicar para Banregio en el cual era un puesto de practicante y solo para ultimo a\u00f1o, sin embargo, pude aplicar y quedar seleccionado.&nbsp;<\/p><p class=\"font_8\">Actualmente estoy trabajando en Banregio como Programador Backend Jr de medio tiempo en el \u00e1rea de credito automotriz.<\/p>\t\t\t\t\t\t\t\t<\/div>\n\t\t\t\t<\/div>\n\t\t\t\t\t<\/div>\n\t\t<\/div>\n\t\t\t\t<div class=\"elementor-column elementor-col-33 elementor-inner-column elementor-element elementor-element-1b5ee1fb\" data-id=\"1b5ee1fb\" data-element_type=\"column\" data-e-type=\"column\">\n\t\t\t<div class=\"elementor-widget-wrap elementor-element-populated\">\n\t\t\t\t\t\t<div class=\"elementor-element elementor-element-6bd7e8d elementor-arrows-position-inside elementor-pagination-position-outside elementor-widget elementor-widget-image-carousel\" data-id=\"6bd7e8d\" data-element_type=\"widget\" data-e-type=\"widget\" data-settings=\"{&quot;slides_to_show&quot;:&quot;1&quot;,&quot;pause_on_hover&quot;:&quot;no&quot;,&quot;pause_on_interaction&quot;:&quot;no&quot;,&quot;speed&quot;:&quot;200&quot;,&quot;navigation&quot;:&quot;both&quot;,&quot;autoplay&quot;:&quot;yes&quot;,&quot;autoplay_speed&quot;:5000,&quot;infinite&quot;:&quot;yes&quot;,&quot;effect&quot;:&quot;slide&quot;}\" data-widget_type=\"image-carousel.default\">\n\t\t\t\t<div class=\"elementor-widget-container\">\n\t\t\t\t\t\t\t<div class=\"elementor-image-carousel-wrapper swiper\" role=\"region\" aria-roledescription=\"carousel\" aria-label=\"Carrusel de Im\u00e1genes\" dir=\"ltr\">\n\t\t\t<div class=\"elementor-image-carousel swiper-wrapper\" aria-live=\"off\">\n\t\t\t\t\t\t\t\t<div class=\"swiper-slide\" role=\"group\" aria-roledescription=\"slide\" aria-label=\"1 de 4\"><figure class=\"swiper-slide-inner\"><img decoding=\"async\" class=\"swiper-slide-image\" src=\"https:\/\/portafoliosfit.um.edu.mx\/erickacuna\/wp-content\/uploads\/sites\/131\/2021\/04\/2C4CFAE3-040A-4C99-9B9D-D44DE81EA1A3.jpg\" alt=\"2C4CFAE3-040A-4C99-9B9D-D44DE81EA1A3\" \/><\/figure><\/div><div class=\"swiper-slide\" role=\"group\" aria-roledescription=\"slide\" aria-label=\"2 de 4\"><figure class=\"swiper-slide-inner\"><img decoding=\"async\" class=\"swiper-slide-image\" src=\"https:\/\/portafoliosfit.um.edu.mx\/erickacuna\/wp-content\/uploads\/sites\/131\/2023\/04\/e4bf5121-ffc3-4186-9750-5a1c1df4c119-1.jpg\" alt=\"e4bf5121-ffc3-4186-9750-5a1c1df4c119\" \/><\/figure><\/div><div class=\"swiper-slide\" role=\"group\" aria-roledescription=\"slide\" aria-label=\"3 de 4\"><figure class=\"swiper-slide-inner\"><img decoding=\"async\" class=\"swiper-slide-image\" src=\"https:\/\/portafoliosfit.um.edu.mx\/erickacuna\/wp-content\/uploads\/sites\/131\/2023\/04\/3d587e06-f803-4795-9843-621ce3f5e7ed.jpg\" alt=\"3d587e06-f803-4795-9843-621ce3f5e7ed\" \/><\/figure><\/div><div class=\"swiper-slide\" role=\"group\" aria-roledescription=\"slide\" aria-label=\"4 de 4\"><figure class=\"swiper-slide-inner\"><img decoding=\"async\" class=\"swiper-slide-image\" src=\"https:\/\/portafoliosfit.um.edu.mx\/erickacuna\/wp-content\/uploads\/sites\/131\/2023\/04\/IMG_1657-scaled.jpg\" alt=\"IMG_1657\" \/><\/figure><\/div>\t\t\t<\/div>\n\t\t\t\t\t\t\t\t\t\t\t\t<div class=\"elementor-swiper-button elementor-swiper-button-prev\" role=\"button\" tabindex=\"0\">\n\t\t\t\t\t\t<i aria-hidden=\"true\" class=\"eicon-chevron-left\"><\/i>\t\t\t\t\t<\/div>\n\t\t\t\t\t<div class=\"elementor-swiper-button elementor-swiper-button-next\" role=\"button\" tabindex=\"0\">\n\t\t\t\t\t\t<i aria-hidden=\"true\" class=\"eicon-chevron-right\"><\/i>\t\t\t\t\t<\/div>\n\t\t\t\t\n\t\t\t\t\t\t\t\t\t<div class=\"swiper-pagination\"><\/div>\n\t\t\t\t\t\t\t\t\t<\/div>\n\t\t\t\t\t\t<\/div>\n\t\t\t\t<\/div>\n\t\t\t\t<div class=\"elementor-element elementor-element-74823567 elementor-view-default elementor-position-block-start elementor-mobile-position-block-start elementor-widget elementor-widget-icon-box\" data-id=\"74823567\" data-element_type=\"widget\" data-e-type=\"widget\" data-widget_type=\"icon-box.default\">\n\t\t\t\t<div class=\"elementor-widget-container\">\n\t\t\t\t\t\t\t<div class=\"elementor-icon-box-wrapper\">\n\n\t\t\t\t\t\t<div class=\"elementor-icon-box-icon\">\n\t\t\t\t<span  class=\"elementor-icon\">\n\t\t\t\t<i aria-hidden=\"true\" class=\"fas fa-phone\"><\/i>\t\t\t\t<\/span>\n\t\t\t<\/div>\n\t\t\t\n\t\t\t\t\t\t<div class=\"elementor-icon-box-content\">\n\n\t\t\t\t\t\t\t\t\t<div class=\"elementor-icon-box-title\">\n\t\t\t\t\t\t<span  >\n\t\t\t\t\t\t\t+52 826 108 5717\t\t\t\t\t\t<\/span>\n\t\t\t\t\t<\/div>\n\t\t\t\t\n\t\t\t\t\t\t\t\t\t<p class=\"elementor-icon-box-description\">\n\t\t\t\t\t\terick.acunat@gmail.com<br>1110306@alumno.um.edu.mx\t\t\t\t\t<\/p>\n\t\t\t\t\n\t\t\t<\/div>\n\t\t\t\n\t\t<\/div>\n\t\t\t\t\t\t<\/div>\n\t\t\t\t<\/div>\n\t\t\t\t<div class=\"elementor-element elementor-element-32f5ef6 elementor-shape-circle elementor-grid-0 e-grid-align-center elementor-widget elementor-widget-social-icons\" data-id=\"32f5ef6\" data-element_type=\"widget\" data-e-type=\"widget\" data-widget_type=\"social-icons.default\">\n\t\t\t\t<div class=\"elementor-widget-container\">\n\t\t\t\t\t\t\t<div class=\"elementor-social-icons-wrapper elementor-grid\" role=\"list\">\n\t\t\t\t\t\t\t<span class=\"elementor-grid-item\" role=\"listitem\">\n\t\t\t\t\t<a class=\"elementor-icon elementor-social-icon elementor-social-icon-facebook elementor-repeater-item-5dc7cd9\" href=\"https:\/\/www.facebook.com\/profile.php?id=100011034669552&#038;viewas=100000686899395\" target=\"_blank\">\n\t\t\t\t\t\t<span class=\"elementor-screen-only\">Facebook<\/span>\n\t\t\t\t\t\t<i aria-hidden=\"true\" class=\"fab fa-facebook\"><\/i>\t\t\t\t\t<\/a>\n\t\t\t\t<\/span>\n\t\t\t\t\t\t\t<span class=\"elementor-grid-item\" role=\"listitem\">\n\t\t\t\t\t<a class=\"elementor-icon elementor-social-icon elementor-social-icon-instagram elementor-repeater-item-d0da537\" href=\"https:\/\/www.instagram.com\/erick.acunat\/\" target=\"_blank\">\n\t\t\t\t\t\t<span class=\"elementor-screen-only\">Instagram<\/span>\n\t\t\t\t\t\t<i aria-hidden=\"true\" class=\"fab fa-instagram\"><\/i>\t\t\t\t\t<\/a>\n\t\t\t\t<\/span>\n\t\t\t\t\t\t\t<span class=\"elementor-grid-item\" role=\"listitem\">\n\t\t\t\t\t<a class=\"elementor-icon elementor-social-icon elementor-social-icon-github elementor-repeater-item-aa6c5e4\" href=\"https:\/\/github.com\/Erick030103\" target=\"_blank\">\n\t\t\t\t\t\t<span class=\"elementor-screen-only\">Github<\/span>\n\t\t\t\t\t\t<i aria-hidden=\"true\" class=\"fab fa-github\"><\/i>\t\t\t\t\t<\/a>\n\t\t\t\t<\/span>\n\t\t\t\t\t<\/div>\n\t\t\t\t\t\t<\/div>\n\t\t\t\t<\/div>\n\t\t\t\t\t<\/div>\n\t\t<\/div>\n\t\t\t\t\t<\/div>\n\t\t<\/section>\n\t\t\t\t\t<\/div>\n\t\t<\/div>\n\t\t\t\t\t<\/div>\n\t\t<\/section>\n\t\t\t\t<\/div>\n\t\t","protected":false},"excerpt":{"rendered":"<p>\u00bfQui\u00e9n soy? Erick Daniel acu\u00f1a Tejeda 3 de enero 2003 Mi nombre es Erick Daniel Acu\u00f1a Tejeda, nac\u00ed el 3 de Enero del 2003 en la ciudad de Cadereyta de los Montes, Quer\u00e9taro. Curs\u00e9 primero y segundo de k\u00ednder en Le\u00f3n, Guanajuato, ya que nos trasladamos porque invitaron a mi pap\u00e1 a ser el director [&hellip;]<\/p>\n","protected":false},"author":131,"featured_media":0,"parent":0,"menu_order":0,"comment_status":"closed","ping_status":"closed","template":"","meta":{"site-sidebar-layout":"no-sidebar","site-content-layout":"page-builder","ast-site-content-layout":"default","site-content-style":"default","site-sidebar-style":"default","ast-global-header-display":"","ast-banner-title-visibility":"","ast-main-header-display":"","ast-hfb-above-header-display":"","ast-hfb-below-header-display":"","ast-hfb-mobile-header-display":"","site-post-title":"disabled","ast-breadcrumbs-content":"","ast-featured-img":"disabled","footer-sml-layout":"","ast-disable-related-posts":"","theme-transparent-header-meta":"","adv-header-id-meta":"","stick-header-meta":"","header-above-stick-meta":"","header-main-stick-meta":"","header-below-stick-meta":"","astra-migrate-meta-layouts":"default","ast-page-background-enabled":"default","ast-page-background-meta":{"desktop":{"background-color":"","background-image":"","background-repeat":"repeat","background-position":"center center","background-size":"auto","background-attachment":"scroll","background-type":"","background-media":"","overlay-type":"","overlay-color":"","overlay-opacity":"","overlay-gradient":""},"tablet":{"background-color":"","background-image":"","background-repeat":"repeat","background-position":"center center","background-size":"auto","background-attachment":"scroll","background-type":"","background-media":"","overlay-type":"","overlay-color":"","overlay-opacity":"","overlay-gradient":""},"mobile":{"background-color":"","background-image":"","background-repeat":"repeat","background-position":"center center","background-size":"auto","background-attachment":"scroll","background-type":"","background-media":"","overlay-type":"","overlay-color":"","overlay-opacity":"","overlay-gradient":""}},"ast-content-background-meta":{"desktop":{"background-color":"var(--ast-global-color-5)","background-image":"","background-repeat":"repeat","background-position":"center center","background-size":"auto","background-attachment":"scroll","background-type":"","background-media":"","overlay-type":"","overlay-color":"","overlay-opacity":"","overlay-gradient":""},"tablet":{"background-color":"var(--ast-global-color-5)","background-image":"","background-repeat":"repeat","background-position":"center center","background-size":"auto","background-attachment":"scroll","background-type":"","background-media":"","overlay-type":"","overlay-color":"","overlay-opacity":"","overlay-gradient":""},"mobile":{"background-color":"var(--ast-global-color-5)","background-image":"","background-repeat":"repeat","background-position":"center center","background-size":"auto","background-attachment":"scroll","background-type":"","background-media":"","overlay-type":"","overlay-color":"","overlay-opacity":"","overlay-gradient":""}},"footnotes":""},"class_list":["post-49","page","type-page","status-publish","hentry"],"_links":{"self":[{"href":"https:\/\/portafoliosfit.um.edu.mx\/erickacuna\/wp-json\/wp\/v2\/pages\/49","targetHints":{"allow":["GET"]}}],"collection":[{"href":"https:\/\/portafoliosfit.um.edu.mx\/erickacuna\/wp-json\/wp\/v2\/pages"}],"about":[{"href":"https:\/\/portafoliosfit.um.edu.mx\/erickacuna\/wp-json\/wp\/v2\/types\/page"}],"author":[{"embeddable":true,"href":"https:\/\/portafoliosfit.um.edu.mx\/erickacuna\/wp-json\/wp\/v2\/users\/131"}],"replies":[{"embeddable":true,"href":"https:\/\/portafoliosfit.um.edu.mx\/erickacuna\/wp-json\/wp\/v2\/comments?post=49"}],"version-history":[{"count":39,"href":"https:\/\/portafoliosfit.um.edu.mx\/erickacuna\/wp-json\/wp\/v2\/pages\/49\/revisions"}],"predecessor-version":[{"id":481,"href":"https:\/\/portafoliosfit.um.edu.mx\/erickacuna\/wp-json\/wp\/v2\/pages\/49\/revisions\/481"}],"wp:attachment":[{"href":"https:\/\/portafoliosfit.um.edu.mx\/erickacuna\/wp-json\/wp\/v2\/media?parent=49"}],"curies":[{"name":"wp","href":"https:\/\/api.w.org\/{rel}","templated":true}]}}