{"id":333,"date":"2020-02-26T10:24:25","date_gmt":"2020-02-26T16:24:25","guid":{"rendered":"http:\/\/portafoliosfit.um.edu.mx\/alejandrososa\/?page_id=333"},"modified":"2022-08-17T06:26:30","modified_gmt":"2022-08-17T12:26:30","slug":"blog","status":"publish","type":"page","link":"https:\/\/portafoliosfit.um.edu.mx\/alejandrososa\/blog\/","title":{"rendered":"Blog"},"content":{"rendered":"<p><div class=\"et_d4_element et_pb_section et_pb_section_0 et_animated et_pb_section_parallax et_pb_with_background  et_pb_css_mix_blend_mode et_pb_fullwidth_section et_section_regular et_block_section\" >\n\t\t\t\t\n\t\t\t\t<span class=\"et_parallax_bg_wrap et-pb-parallax-wrapper\"><span\n\t\t\t\t\t\tclass=\"et_parallax_bg et_parallax_bg--et_pb_section_0\"\n\t\t\t\t\t\tstyle=\"background-image: url(http:\/\/portafoliosfit.um.edu.mx\/alejandrososa\/wp-content\/uploads\/sites\/24\/2021\/12\/web-dev-03.png);\"\n\t\t\t\t\t><\/span><\/span>\n\t\t\t\t\n\t\t\t\t\n\t\t\t\t\n\t\t\t\t\n\t\t\t\t<section class=\"et_pb_module et_d4_element et_pb_fullwidth_header et_pb_fullwidth_header_0 et_animated et_hover_enabled  et_pb_css_mix_blend_mode et_pb_text_align_center et_pb_bg_layout_light\">\n\t\t\t\t\n\t\t\t\t\n\t\t\t\t\n\t\t\t\t\n\t\t\t\t<div class=\"et_pb_fullwidth_header_container center\">\n\t\t\t\t\t<div class=\"header-content-container center\">\n\t\t\t\t\t<div class=\"header-content\">\n\t\t\t\t\t\t\n\t\t\t\t\t\t<h1 class=\"et_pb_module_header\">Proyectos<\/h1>\n\t\t\t\t\t\t\n\t\t\t\t\t\t<div class=\"et_pb_header_content_wrapper\"><p>En esta secci\u00f3n encontrar\u00e1s mis evidencias como egresado de la Universidad de Montemorelos.<\/p>\n<p>&nbsp;<\/p><\/div>\n\t\t\t\t\t\t\n\t\t\t\t\t<\/div>\n\t\t\t\t<\/div>\n\t\t\t\t\t\n\t\t\t\t<\/div>\n\t\t\t\t<div class=\"et_pb_fullwidth_header_overlay\"><\/div>\n\t\t\t\t<div class=\"et_pb_fullwidth_header_scroll\"><\/div>\n\t\t\t<\/section>\n\t\t\t\t\n\t\t\t\t\n\t\t\t<\/div><div class=\"et_d4_element et_pb_section et_pb_section_1  et_pb_css_mix_blend_mode et_section_regular et_pb_section--with-menu et_block_section\" >\n\t\t\t\t\n\t\t\t\t\n\t\t\t\t\n\t\t\t\t\n\t\t\t\t\n\t\t\t\t\n\t\t\t\t<div class=\"et_d4_element et_pb_row et_pb_row_0  et_pb_css_mix_blend_mode et_pb_row--with-menu et_block_row\">\n\t\t\t\t<div class=\"et_d4_element et_pb_column_3_4 et_pb_column et_pb_column_0  et_pb_css_mix_blend_mode et_block_column\">\n\t\t\t\t\n\t\t\t\t\n\t\t\t\t\n\t\t\t\t\n\t\t\t\t<div class=\"et_pb_with_border et_pb_module et_d4_element et_pb_blog_0 et_animated  et_pb_css_mix_blend_mode et_pb_posts et_pb_bg_layout_light \">\n\t\t\t\t\n\t\t\t\t\n\t\t\t\t\n\t\t\t\t\n\t\t\t\t<div class=\"et_pb_ajax_pagination_container\">\n\t\t\t\t\t\n\t\t\t<article id=\"post-235405\" class=\"et_pb_post clearfix et_pb_blog_item_0_0 post-235405 post type-post status-publish format-standard has-post-thumbnail hentry category-sin-categoria\">\n\n\t\t\t\t<a href=\"https:\/\/portafoliosfit.um.edu.mx\/alejandrososa\/2022\/06\/10\/travex-app\/\" class=\"entry-featured-image-url\"><img loading=\"lazy\" decoding=\"async\" src=\"https:\/\/portafoliosfit.um.edu.mx\/alejandrososa\/wp-content\/uploads\/sites\/24\/2022\/06\/Screenshot_1654899756-1080x675.png\" alt=\"Travex App\" class=\"\" width=\"1080\" height=\"675\" srcset=\"https:\/\/portafoliosfit.um.edu.mx\/alejandrososa\/wp-content\/uploads\/sites\/24\/2022\/06\/Screenshot_1654899756-1080x675.png 1080w, https:\/\/portafoliosfit.um.edu.mx\/alejandrososa\/wp-content\/uploads\/sites\/24\/2022\/06\/Screenshot_1654899756-980x2123.png 980w, https:\/\/portafoliosfit.um.edu.mx\/alejandrososa\/wp-content\/uploads\/sites\/24\/2022\/06\/Screenshot_1654899756-480x1040.png 480w\" sizes=\"(min-width: 0px) and (max-width: 480px) 480px, (min-width: 481px) and (max-width: 980px) 980px, (min-width: 981px) 1080px, 100vw\" \/><\/a>\n\t\t\t\t\t\t\t\t\t\t\t\t\t\t<h2 class=\"entry-title\">\n\t\t\t\t\t\t\t\t\t\t\t\t\t<a href=\"https:\/\/portafoliosfit.um.edu.mx\/alejandrososa\/2022\/06\/10\/travex-app\/\">Travex App<\/a>\n\t\t\t\t\t\t\t\t\t\t\t<\/h2>\n\t\t\t\t\n\t\t\t\t\t<p class=\"post-meta\"><span class=\"published\">Jun 10, 2022<\/span> | <a href=\"https:\/\/portafoliosfit.um.edu.mx\/alejandrososa\/category\/sin-categoria\/\" rel=\"tag\">Sin categor\u00eda<\/a><\/p><div class=\"post-content\"><div class=\"post-content-inner\"><p>Aplicaci\u00f3n m\u00f3vil de la plataforma Travex para la administraci\u00f3n del dinero de la empresa enfocado a vi\u00e1ticos. <\/p>\n<\/div><a href=\"https:\/\/portafoliosfit.um.edu.mx\/alejandrososa\/2022\/06\/10\/travex-app\/\" class=\"more-link\">read more<\/a><\/div>\t\t\t\n\t\t\t<\/article>\n\t\t\t\t\n\t\t\t<article id=\"post-235374\" class=\"et_pb_post clearfix et_pb_blog_item_0_1 post-235374 post type-post status-publish format-standard has-post-thumbnail hentry category-desarrollo-movil category-escuela\">\n\n\t\t\t\t<a href=\"https:\/\/portafoliosfit.um.edu.mx\/alejandrososa\/2022\/05\/31\/cupidum\/\" class=\"entry-featured-image-url\"><img loading=\"lazy\" decoding=\"async\" src=\"https:\/\/portafoliosfit.um.edu.mx\/alejandrososa\/wp-content\/uploads\/sites\/24\/2022\/05\/imagen_2022-05-31_161820071.png\" alt=\"CupidUM\" class=\"\" width=\"1080\" height=\"675\" \/><\/a>\n\t\t\t\t\t\t\t\t\t\t\t\t\t\t<h2 class=\"entry-title\">\n\t\t\t\t\t\t\t\t\t\t\t\t\t<a href=\"https:\/\/portafoliosfit.um.edu.mx\/alejandrososa\/2022\/05\/31\/cupidum\/\">CupidUM<\/a>\n\t\t\t\t\t\t\t\t\t\t\t<\/h2>\n\t\t\t\t\n\t\t\t\t\t<p class=\"post-meta\"><span class=\"published\">May 31, 2022<\/span> | <a href=\"https:\/\/portafoliosfit.um.edu.mx\/alejandrososa\/category\/desarrollo-movil\/\" rel=\"tag\">Desarrollo movil<\/a>, <a href=\"https:\/\/portafoliosfit.um.edu.mx\/alejandrososa\/category\/escuela\/\" rel=\"tag\">Escuela<\/a><\/p><div class=\"post-content\"><div class=\"post-content-inner\"><p>Una aplicaci\u00f3n de citas para los estudiantes de la universidad de Montemorelos. con CupidUM los estudiantes podr\u00e1n conocer gente nueva dentro de las instalaciones de la instituci\u00f3n para hacer nuevas amistades y\/o conseguir una relaci\u00f3n sana de pareja<\/p>\n<\/div><a href=\"https:\/\/portafoliosfit.um.edu.mx\/alejandrososa\/2022\/05\/31\/cupidum\/\" class=\"more-link\">read more<\/a><\/div>\t\t\t\n\t\t\t<\/article>\n\t\t\t\t\n\t\t\t<article id=\"post-235073\" class=\"et_pb_post clearfix et_pb_blog_item_0_2 post-235073 post type-post status-publish format-standard has-post-thumbnail hentry category-desarrollo-movil\">\n\n\t\t\t\t<a href=\"https:\/\/portafoliosfit.um.edu.mx\/alejandrososa\/2022\/01\/06\/coffee4coders-platzi\/\" class=\"entry-featured-image-url\"><img loading=\"lazy\" decoding=\"async\" src=\"https:\/\/portafoliosfit.um.edu.mx\/alejandrososa\/wp-content\/uploads\/sites\/24\/2022\/01\/imagen_2022-01-06_162149.png\" alt=\"Coffee4Coders Platzi\" class=\"\" width=\"1080\" height=\"675\" \/><\/a>\n\t\t\t\t\t\t\t\t\t\t\t\t\t\t<h2 class=\"entry-title\">\n\t\t\t\t\t\t\t\t\t\t\t\t\t<a href=\"https:\/\/portafoliosfit.um.edu.mx\/alejandrososa\/2022\/01\/06\/coffee4coders-platzi\/\">Coffee4Coders Platzi<\/a>\n\t\t\t\t\t\t\t\t\t\t\t<\/h2>\n\t\t\t\t\n\t\t\t\t\t<p class=\"post-meta\"><span class=\"published\">Ene 6, 2022<\/span> | <a href=\"https:\/\/portafoliosfit.um.edu.mx\/alejandrososa\/category\/desarrollo-movil\/\" rel=\"tag\">Desarrollo movil<\/a><\/p><div class=\"post-content\"><div class=\"post-content-inner\"><p>Esta es una aplicaci\u00f3n creada con c\u00f3digo nativo para android utilizando la paqueter\u00eda de Jetpack Compose, una nueva aproximaci\u00f3n para la programaci\u00f3n nativa en Android<\/p>\n<\/div><a href=\"https:\/\/portafoliosfit.um.edu.mx\/alejandrososa\/2022\/01\/06\/coffee4coders-platzi\/\" class=\"more-link\">read more<\/a><\/div>\t\t\t\n\t\t\t<\/article>\n\t\t\t\t<div><div class=\"pagination clearfix\">\n\t<div class=\"alignleft\"><a href=\"https:\/\/portafoliosfit.um.edu.mx\/alejandrososa\/wp-json\/wp\/v2\/pages\/333\/page\/2\/?et_blog\" >&laquo; Older Entries<\/a><\/div>\n\t<div class=\"alignright\"><\/div>\n<\/div><\/div><\/div>\n\t\t\t\t<\/div>\n\t\t\t\t \n\t\t\t<\/div><div class=\"et_d4_element et_pb_column_1_4 et_pb_column et_pb_column_1  et_pb_css_mix_blend_mode et-last-child et_pb_column--with-menu et_block_column\">\n\t\t\t\t\n\t\t\t\t\n\t\t\t\t\n\t\t\t\t\n\t\t\t\t<div class=\"et_pb_module et_d4_element et_pb_text et_pb_text_0  et_pb_text_align_left et_pb_bg_layout_light\">\n\t\t\t\t\n\t\t\t\t\n\t\t\t\t\n\t\t\t\t\n\t\t\t\t<div class=\"et_pb_text_inner\"><h2>Categor\u00edas<\/h2><\/div>\n\t\t\t<\/div><div class=\"et_pb_module et_d4_element et_pb_menu et_pb_menu_0 et_pb_bg_layout_light  et_pb_text_align_left et_dropdown_animation_fade et_pb_menu--without-logo et_pb_menu--style-left_aligned\">\n\t\t\t\t\t\n\t\t\t\t\t\n\t\t\t\t\t\n\t\t\t\t\t\n\t\t\t\t\t<div class=\"et_pb_menu_inner_container clearfix\">\n\t\t\t\t\t\t\n\t\t\t\t\t\t<div class=\"et_pb_menu__wrap\">\n\t\t\t\t\t\t\t<div class=\"et_pb_menu__menu\">\n\t\t\t\t\t\t\t\t<nav class=\"et-menu-nav\"><ul id=\"menu-blog_cat\" class=\"et-menu nav upwards\"><li id=\"menu-item-921\" class=\"et_pb_menu_page_id-3 menu-item menu-item-type-taxonomy menu-item-object-category menu-item-921\"><a href=\"https:\/\/portafoliosfit.um.edu.mx\/alejandrososa\/category\/reporte-del-mes\/\">Reporte del mes<\/a><\/li>\n<li id=\"menu-item-922\" class=\"et_pb_menu_page_id-5 menu-item menu-item-type-taxonomy menu-item-object-category menu-item-922\"><a href=\"https:\/\/portafoliosfit.um.edu.mx\/alejandrososa\/category\/papercraft\/\">Papercraft<\/a><\/li>\n<li id=\"menu-item-923\" class=\"et_pb_menu_page_id-6 menu-item menu-item-type-taxonomy menu-item-object-category menu-item-923\"><a href=\"https:\/\/portafoliosfit.um.edu.mx\/alejandrososa\/category\/game-design\/\">Game Design<\/a><\/li>\n<li id=\"menu-item-924\" class=\"et_pb_menu_page_id-8 menu-item menu-item-type-taxonomy menu-item-object-category menu-item-924\"><a href=\"https:\/\/portafoliosfit.um.edu.mx\/alejandrososa\/category\/reporte-de-fotografia\/\">Reporte de Fotograf\u00eda<\/a><\/li>\n<li id=\"menu-item-925\" class=\"et_pb_menu_page_id-4 menu-item menu-item-type-taxonomy menu-item-object-category menu-item-925\"><a href=\"https:\/\/portafoliosfit.um.edu.mx\/alejandrososa\/category\/game-development\/\">Game Development<\/a><\/li>\n<li id=\"menu-item-926\" class=\"et_pb_menu_page_id-9 menu-item menu-item-type-taxonomy menu-item-object-category menu-item-926\"><a href=\"https:\/\/portafoliosfit.um.edu.mx\/alejandrososa\/category\/desarrollo-movil\/\">Desarrollo movil<\/a><\/li>\n<li id=\"menu-item-1747\" class=\"et_pb_menu_page_id-20 menu-item menu-item-type-taxonomy menu-item-object-category menu-item-1747\"><a href=\"https:\/\/portafoliosfit.um.edu.mx\/alejandrososa\/category\/spark-ar\/\">Spark AR<\/a><\/li>\n<li id=\"menu-item-1994\" class=\"et_pb_menu_page_id-19 menu-item menu-item-type-taxonomy menu-item-object-category menu-item-1994\"><a href=\"https:\/\/portafoliosfit.um.edu.mx\/alejandrososa\/category\/escuela\/\">Escuela<\/a><\/li>\n<\/ul><\/nav>\n\t\t\t\t\t\t\t<\/div>\n\t\t\t\t\t\t\t\n\t\t\t\t\t\t\t\n\t\t\t\t\t\t\t<div class=\"et_mobile_nav_menu\">\n\t\t\t\t<div class=\"mobile_nav closed et_pb_mobile_menu_upwards\">\n\t\t\t\t\t<span class=\"mobile_menu_bar\"><\/span>\n\t\t\t\t<\/div>\n\t\t\t<\/div>\n\t\t\t\t\t\t<\/div>\n\t\t\t\t\t\t\n\t\t\t\t\t<\/div>\n\t\t\t\t<\/div>\n\t\t\t<\/div>\n\t\t\t\t\n\t\t\t\t\n\t\t\t\t\n\t\t\t\t\n\t\t\t<\/div>\n\t\t\t\t\n\t\t\t\t\n\t\t\t<\/div><div class=\"et_d4_element et_pb_section et_pb_section_2 et_pb_with_background  et_pb_css_mix_blend_mode et_section_regular et_block_section\" >\n\t\t\t\t\n\t\t\t\t\n\t\t\t\t\n\t\t\t\t\n\t\t\t\t\n\t\t\t\t\n\t\t\t\t<div class=\"et_d4_element et_pb_row et_pb_row_1 et_pb_equal_columns  et_pb_css_mix_blend_mode et_block_row\">\n\t\t\t\t<div class=\"et_d4_element et_pb_column_2_5 et_pb_column et_pb_column_2  et_pb_css_mix_blend_mode et_block_column\">\n\t\t\t\t\n\t\t\t\t\n\t\t\t\t\n\t\t\t\t\n\t\t\t\t<div class=\"et_pb_module et_d4_element et_pb_text et_pb_text_1 et_animated  et_pb_text_align_left et_pb_bg_layout_light\">\n\t\t\t\t\n\t\t\t\t\n\t\t\t\t\n\t\t\t\t\n\t\t\t\t<div class=\"et_pb_text_inner\"><p>No olvides seguirme en mis redes sociales<\/p><\/div>\n\t\t\t<\/div>\n\t\t\t<\/div><div class=\"et_d4_element et_pb_column_3_5 et_pb_column et_pb_column_3  et_pb_css_mix_blend_mode et-last-child et_block_column\">\n\t\t\t\t\n\t\t\t\t\n\t\t\t\t\n\t\t\t\t\n\t\t\t\t<ul class=\"et_pb_module et_d4_element et_pb_social_media_follow et_pb_social_media_follow_0 et_animated clearfix  et_pb_text_align_center et_pb_bg_layout_light\">\n\t\t\t\t\n\t\t\t\t\n\t\t\t\t\n\t\t\t\t\n\t\t\t\t<li\n            class='et_d4_element et_pb_social_media_follow_network_0 et_pb_social_icon et_block_module et_pb_social_network_link  et-social-facebook et_pb_social_media_follow_network'><a\n              href='https:\/\/www.facebook.com\/alejandro.trejo.1069'\n              class='icon et_pb_with_border'\n              title='Follow on Facebook'\n               target=\"_blank\"><span\n                class='et_pb_social_media_follow_network_name'\n                aria-hidden='true'\n                >Follow<\/span><\/a><\/li><li\n            class='et_d4_element et_pb_social_media_follow_network_1 et_pb_social_icon et_block_module et_pb_social_network_link  et-social-twitter et_pb_social_media_follow_network'><a\n              href='https:\/\/twitter.com\/AlexAlexsosat'\n              class='icon et_pb_with_border'\n              title='Follow on X'\n               target=\"_blank\"><span\n                class='et_pb_social_media_follow_network_name'\n                aria-hidden='true'\n                >Follow<\/span><\/a><\/li><li\n            class='et_d4_element et_pb_social_media_follow_network_2 et_pb_social_icon et_block_module et_pb_social_network_link  et-social-instagram et_pb_social_media_follow_network'><a\n              href='https:\/\/www.instagram.com\/alexsosat\/'\n              class='icon et_pb_with_border'\n              title='Follow on Instagram'\n               target=\"_blank\"><span\n                class='et_pb_social_media_follow_network_name'\n                aria-hidden='true'\n                >Follow<\/span><\/a><\/li><li\n            class='et_d4_element et_pb_social_media_follow_network_3 et_pb_social_icon et_block_module et_pb_social_network_link  et-social-linkedin et_pb_social_media_follow_network'><a\n              href='https:\/\/www.linkedin.com\/in\/alejandro-sosa-345b34193\/'\n              class='icon et_pb_with_border'\n              title='Follow on LinkedIn'\n               target=\"_blank\"><span\n                class='et_pb_social_media_follow_network_name'\n                aria-hidden='true'\n                >Follow<\/span><\/a><\/li><li\n            class='et_d4_element et_pb_social_media_follow_network_4 et_pb_social_icon et_block_module et_pb_social_network_link  et-social-youtube et_pb_social_media_follow_network'><a\n              href='https:\/\/www.youtube.com\/channel\/UCeAaviEAgpDZrIwN-RI1Sdg'\n              class='icon et_pb_with_border'\n              title='Follow on Youtube'\n               target=\"_blank\"><span\n                class='et_pb_social_media_follow_network_name'\n                aria-hidden='true'\n                >Follow<\/span><\/a><\/li>\n\t\t\t<\/ul>\n\t\t\t<\/div>\n\t\t\t\t\n\t\t\t\t\n\t\t\t\t\n\t\t\t\t\n\t\t\t<\/div>\n\t\t\t\t\n\t\t\t\t\n\t\t\t<\/div><\/p>\n","protected":false},"excerpt":{"rendered":"","protected":false},"author":26,"featured_media":0,"parent":0,"menu_order":0,"comment_status":"closed","ping_status":"closed","template":"","meta":{"_et_pb_use_builder":"on","_et_pb_old_content":"","_et_gb_content_width":"","footnotes":""},"folder":[34],"class_list":["post-333","page","type-page","status-publish","hentry"],"_links":{"self":[{"href":"https:\/\/portafoliosfit.um.edu.mx\/alejandrososa\/wp-json\/wp\/v2\/pages\/333","targetHints":{"allow":["GET"]}}],"collection":[{"href":"https:\/\/portafoliosfit.um.edu.mx\/alejandrososa\/wp-json\/wp\/v2\/pages"}],"about":[{"href":"https:\/\/portafoliosfit.um.edu.mx\/alejandrososa\/wp-json\/wp\/v2\/types\/page"}],"author":[{"embeddable":true,"href":"https:\/\/portafoliosfit.um.edu.mx\/alejandrososa\/wp-json\/wp\/v2\/users\/26"}],"replies":[{"embeddable":true,"href":"https:\/\/portafoliosfit.um.edu.mx\/alejandrososa\/wp-json\/wp\/v2\/comments?post=333"}],"version-history":[{"count":15,"href":"https:\/\/portafoliosfit.um.edu.mx\/alejandrososa\/wp-json\/wp\/v2\/pages\/333\/revisions"}],"predecessor-version":[{"id":235425,"href":"https:\/\/portafoliosfit.um.edu.mx\/alejandrososa\/wp-json\/wp\/v2\/pages\/333\/revisions\/235425"}],"wp:attachment":[{"href":"https:\/\/portafoliosfit.um.edu.mx\/alejandrososa\/wp-json\/wp\/v2\/media?parent=333"}],"wp:term":[{"taxonomy":"folder","embeddable":true,"href":"https:\/\/portafoliosfit.um.edu.mx\/alejandrososa\/wp-json\/wp\/v2\/folder?post=333"}],"curies":[{"name":"wp","href":"https:\/\/api.w.org\/{rel}","templated":true}]}}